CRAN Package Check Results for Package tidygraph

Last updated on 2018-11-15 06:47:42 CET.

Flavor Version Tinstall Tcheck Ttotal Status Flags
r-devel-linux-x86_64-debian-clang 1.1.0 21.66 69.41 91.07 OK
r-devel-linux-x86_64-debian-gcc 1.1.0 17.87 54.40 72.27 OK
r-devel-linux-x86_64-fedora-clang 1.1.0 117.76 OK
r-devel-linux-x86_64-fedora-gcc 1.1.0 106.34 OK
r-devel-windows-ix86+x86_64 1.1.0 39.00 119.00 158.00 OK
r-patched-linux-x86_64 1.1.0 21.74 62.01 83.75 OK
r-patched-solaris-x86 1.1.0 147.30 OK
r-release-linux-x86_64 1.1.0 21.20 61.71 82.91 OK
r-release-windows-ix86+x86_64 1.1.0 49.00 119.00 168.00 OK
r-release-osx-x86_64 1.1.0 ERROR
r-oldrel-windows-ix86+x86_64 1.1.0 43.00 152.00 195.00 OK
r-oldrel-osx-x86_64 1.1.0 OK

Check Details

Version: 1.1.0
Check: tests
Result: ERROR
     Running ‘testthat.R’ [6s/10s]
    Running the tests in ‘tests/testthat.R’ failed.
    Last 13 lines of output:
     14: mutate_as_tbl(.data, !!!dot)
     15: mutate(d_tmp, ...)
     16: mutate.tbl_df(d_tmp, ...)
     17: mutate_impl(.data, dots)
     18: group_optimal()
     19: membership(cluster_optimal(graph = .G(), weights = weights))
     20: cluster_optimal(graph = .G(), weights = weights)
    
     ══ testthat results ═══════════════════════════════════════════════════════════
     OK: 268 SKIPPED: 0 FAILED: 2
     1. Error: grouping returns integer vector (@test-group.R#14)
     2. Error: grouping returns integer of correct length (@test-group.R#31)
    
     Error: testthat unit tests failed
     Execution halted
Flavor: r-release-osx-x86_64