CRAN Package Check Results for Package tidygraph

Last updated on 2020-01-21 23:51:13 CET.

Flavor Version Tinstall Tcheck Ttotal Status Flags
r-devel-linux-x86_64-debian-clang 1.1.2 26.55 71.95 98.50 OK
r-devel-linux-x86_64-debian-gcc 1.1.2 18.53 54.78 73.31 OK
r-devel-linux-x86_64-fedora-clang 1.1.2 122.26 OK
r-devel-linux-x86_64-fedora-gcc 1.1.2 115.02 OK
r-devel-windows-ix86+x86_64 1.1.2 67.00 173.00 240.00 OK
r-devel-windows-ix86+x86_64-gcc8 1.1.2 72.00 192.00 264.00 OK
r-patched-linux-x86_64 1.1.2 20.08 63.14 83.22 OK
r-patched-solaris-x86 1.1.2 135.40 OK
r-release-linux-x86_64 1.1.2 20.40 63.14 83.54 OK
r-release-windows-ix86+x86_64 1.1.2 50.00 153.00 203.00 OK
r-release-osx-x86_64 1.1.2 NOTE
r-oldrel-windows-ix86+x86_64 1.1.2 37.00 131.00 168.00 OK
r-oldrel-osx-x86_64 1.1.2 OK

Check Details

Version: 1.1.2
Check: package dependencies
Result: NOTE
    Package suggested but not available for checking: ‘graph’
Flavor: r-release-osx-x86_64