CRAN Package Check Results for Package tidygraph

Last updated on 2018-08-21 08:49:16 CEST.

Flavor Version Tinstall Tcheck Ttotal Status Flags
r-devel-linux-x86_64-debian-clang 1.1.0 20.24 68.49 88.73 OK
r-devel-linux-x86_64-debian-gcc 1.1.0 17.06 53.46 70.52 OK
r-devel-linux-x86_64-fedora-clang 1.1.0 109.62 OK
r-devel-linux-x86_64-fedora-gcc 1.1.0 110.35 OK
r-devel-windows-ix86+x86_64 1.1.0 51.00 161.00 212.00 OK
r-patched-linux-x86_64 1.1.0 18.66 62.32 80.98 OK
r-patched-solaris-x86 1.1.0 137.90 OK
r-release-linux-x86_64 1.1.0 22.15 62.30 84.45 OK
r-release-windows-ix86+x86_64 1.1.0 55.00 138.00 193.00 OK
r-release-osx-x86_64 1.1.0 ERROR
r-oldrel-windows-ix86+x86_64 1.1.0 35.00 105.00 140.00 OK
r-oldrel-osx-x86_64 1.1.0 OK

Check Details

Version: 1.1.0
Check: tests
Result: ERROR
     Running ‘testthat.R’ [6s/10s]
    Running the tests in ‘tests/testthat.R’ failed.
    Last 13 lines of output:
     14: mutate_as_tbl(.data, !!!dot)
     15: mutate(d_tmp, ...)
     16: mutate.tbl_df(d_tmp, ...)
     17: mutate_impl(.data, dots)
     18: group_optimal()
     19: membership(cluster_optimal(graph = .G(), weights = weights))
     20: cluster_optimal(graph = .G(), weights = weights)
    
     ══ testthat results ═══════════════════════════════════════════════════════════
     OK: 268 SKIPPED: 0 FAILED: 2
     1. Error: grouping returns integer vector (@test-group.R#14)
     2. Error: grouping returns integer of correct length (@test-group.R#31)
    
     Error: testthat unit tests failed
     Execution halted
Flavor: r-release-osx-x86_64