CRAN Package Check Results for Package tidygraph

Last updated on 2019-02-19 22:51:52 CET.

Flavor Version Tinstall Tcheck Ttotal Status Flags
r-devel-linux-x86_64-debian-clang 1.1.2 19.72 66.71 86.43 OK
r-devel-linux-x86_64-debian-gcc 1.1.2 17.85 50.43 68.28 OK
r-devel-linux-x86_64-fedora-clang 1.1.2 119.20 OK
r-devel-linux-x86_64-fedora-gcc 1.1.2 104.82 OK
r-devel-windows-ix86+x86_64 1.1.1 51.00 152.00 203.00 WARN
r-patched-linux-x86_64 1.1.1 20.25 61.75 82.00 WARN
r-patched-solaris-x86 1.1.2 128.30 OK
r-release-linux-x86_64 1.1.1 21.15 61.95 83.10 WARN
r-release-windows-ix86+x86_64 1.1.1 38.00 155.00 193.00 WARN
r-release-osx-x86_64 1.1.1 OK
r-oldrel-windows-ix86+x86_64 1.1.2 29.00 102.00 131.00 OK
r-oldrel-osx-x86_64 1.1.1 OK

Check Details

Version: 1.1.1
Check: S3 generic/method consistency
Result: WARN
    sample_frac:
     function(tbl, size, replace, weight, .env, ...)
    sample_frac.morphed_tbl_graph:
     function(tbl, size, replace, weight, .env)
    
    sample_frac:
     function(tbl, size, replace, weight, .env, ...)
    sample_frac.tbl_graph:
     function(tbl, size, replace, weight, .env)
    
    sample_n:
     function(tbl, size, replace, weight, .env, ...)
    sample_n.morphed_tbl_graph:
     function(tbl, size, replace, weight, .env)
    
    sample_n:
     function(tbl, size, replace, weight, .env, ...)
    sample_n.tbl_graph:
     function(tbl, size, replace, weight, .env)
    
    See section 'Generic functions and methods' in the 'Writing R
    Extensions' manual.
Flavors: r-devel-windows-ix86+x86_64, r-patched-linux-x86_64, r-release-linux-x86_64, r-release-windows-ix86+x86_64