CRAN Package Check Results for Package tidygraph

Last updated on 2018-05-21 00:50:26 CEST.

Flavor Version Tinstall Tcheck Ttotal Status Flags
r-devel-linux-x86_64-debian-clang 1.1.0 19.27 61.27 80.54 OK
r-devel-linux-x86_64-debian-gcc 1.1.0 16.08 52.61 68.69 OK
r-devel-linux-x86_64-fedora-clang 1.1.0 109.14 OK
r-devel-linux-x86_64-fedora-gcc 1.1.0 102.45 OK
r-devel-windows-ix86+x86_64 1.1.0 34.00 150.00 184.00 OK
r-patched-linux-x86_64 1.1.0 23.17 62.22 85.39 OK
r-patched-solaris-x86 1.1.0 138.20 OK
r-release-linux-x86_64 1.1.0 19.34 61.56 80.90 OK
r-release-windows-ix86+x86_64 1.1.0 40.00 114.00 154.00 OK
r-release-osx-x86_64 1.1.0 ERROR
r-oldrel-windows-ix86+x86_64 1.1.0 33.00 107.00 140.00 OK
r-oldrel-osx-x86_64 1.1.0 OK

Check Details

Version: 1.1.0
Check: tests
Result: ERROR
     Running ‘testthat.R’ [6s/10s]
    Running the tests in ‘tests/testthat.R’ failed.
    Last 13 lines of output:
     14: mutate_as_tbl(.data, !!!dot)
     15: mutate(d_tmp, ...)
     16: mutate.tbl_df(d_tmp, ...)
     17: mutate_impl(.data, dots)
     18: group_optimal()
     19: membership(cluster_optimal(graph = .G(), weights = weights))
     20: cluster_optimal(graph = .G(), weights = weights)
    
     ══ testthat results ═══════════════════════════════════════════════════════════
     OK: 268 SKIPPED: 0 FAILED: 2
     1. Error: grouping returns integer vector (@test-group.R#14)
     2. Error: grouping returns integer of correct length (@test-group.R#31)
    
     Error: testthat unit tests failed
     Execution halted
Flavor: r-release-osx-x86_64