CRAN Package Check Results for Package tidypmc

Last updated on 2022-08-13 07:11:48 CEST.

Flavor Version Tinstall Tcheck Ttotal Status Flags
r-devel-linux-x86_64-debian-clang 1.7 5.65 69.56 75.21 OK
r-devel-linux-x86_64-debian-gcc 1.7 4.06 50.73 54.79 OK
r-devel-linux-x86_64-fedora-clang 1.7 67.19 OK
r-devel-linux-x86_64-fedora-gcc 1.7 103.78 OK
r-devel-windows-x86_64 1.7 16.00 92.00 108.00 OK
r-patched-linux-x86_64 1.7 5.02 61.42 66.44 ERROR
r-release-linux-x86_64 1.7 5.87 64.64 70.51 OK
r-release-macos-arm64 1.7 31.00 OK
r-release-macos-x86_64 1.7 54.00 OK
r-release-windows-x86_64 1.7 10.00 100.00 110.00 OK
r-oldrel-macos-arm64 1.7 41.00 OK
r-oldrel-macos-x86_64 1.7 1804.00 OK
r-oldrel-windows-ix86+x86_64 1.7 15.00 95.00 110.00 OK

Check Details

Version: 1.7
Check: re-building of vignette outputs
Result: ERROR
    Error(s) in re-building vignettes:
     ...
    --- re-building ‘pmcftp.Rmd’ using rmarkdown
    --- finished re-building ‘pmcftp.Rmd’
    
    --- re-building ‘tidypmc.Rmd’ using rmarkdown
    Quitting from lines 23-26 (tidypmc.Rmd)
    Error: processing vignette ‘tidypmc.Rmd’ failed with diagnostics:
    HTTP error 500.
    --- failed re-building ‘tidypmc.Rmd’
    
    SUMMARY: processing the following file failed:
     ‘tidypmc.Rmd’
    
    Error: Vignette re-building failed.
    Execution halted
Flavor: r-patched-linux-x86_64