CRAN Package Check Results for Package tidypmc

Last updated on 2024-02-29 21:56:37 CET.

Flavor Version Tinstall Tcheck Ttotal Status Flags
r-devel-linux-x86_64-debian-clang 1.7 6.69 62.07 68.76 NOTE
r-devel-linux-x86_64-debian-gcc 1.7 3.86 47.25 51.11 NOTE
r-devel-linux-x86_64-fedora-clang 1.7 84.88 NOTE
r-devel-linux-x86_64-fedora-gcc 1.7 93.87 NOTE
r-devel-windows-x86_64 1.7 6.00 68.00 74.00 OK
r-patched-linux-x86_64 1.7 5.50 59.66 65.16 OK
r-release-linux-x86_64 1.7 3.55 59.72 63.27 OK
r-release-macos-arm64 1.7 37.00 OK
r-release-macos-x86_64 1.7 59.00 OK
r-release-windows-x86_64 1.7 8.00 76.00 84.00 OK
r-oldrel-macos-arm64 1.7 31.00 OK
r-oldrel-windows-x86_64 1.7 8.00 80.00 88.00 OK

Check Details

Version: 1.7
Check: Rd files
Result: NOTE checkRd: (-1) separate_genes.Rd:14: Lost braces 14 | microbial genes like AbcD, default [A-Za-z][a-z]{2}[A-Z0-9]+} | ^ Flavors: r-devel-linux-x86_64-debian-clang, r-devel-linux-x86_64-debian-gcc, r-devel-linux-x86_64-fedora-clang, r-devel-linux-x86_64-fedora-gcc