CRAN Package Check Results for Package tidyquant

Last updated on 2019-01-24 04:51:58 CET.

Flavor Version Tinstall Tcheck Ttotal Status Flags
r-devel-linux-x86_64-debian-clang 0.5.5 9.59 181.65 191.24 OK
r-devel-linux-x86_64-debian-gcc 0.5.5 6.90 134.69 141.59 OK
r-devel-linux-x86_64-fedora-clang 0.5.5 214.27 OK
r-devel-linux-x86_64-fedora-gcc 0.5.5 203.69 OK
r-devel-windows-ix86+x86_64 0.5.5 28.00 327.00 355.00 OK
r-patched-linux-x86_64 0.5.5 7.46 153.61 161.07 OK
r-patched-solaris-x86 0.5.5 290.20 NOTE
r-release-linux-x86_64 0.5.5 5.70 153.18 158.88 OK
r-release-windows-ix86+x86_64 0.5.5 16.00 222.00 238.00 OK
r-release-osx-x86_64 0.5.5 OK
r-oldrel-windows-ix86+x86_64 0.5.5 31.00 356.00 387.00 OK
r-oldrel-osx-x86_64 0.5.5 OK

Check Details

Version: 0.5.5
Check: package dependencies
Result: NOTE
    Package suggested but not available for checking: ‘Rblpapi’
Flavor: r-patched-solaris-x86

Version: 0.5.5
Check: installed package size
Result: NOTE
     installed size is 5.4Mb
     sub-directories of 1Mb or more:
     doc 4.4Mb
Flavor: r-patched-solaris-x86

Version: 0.5.5
Check: Rd cross-references
Result: NOTE
    Package unavailable to check Rd xrefs: ‘Rblpapi’
Flavor: r-patched-solaris-x86