CRAN Package Check Results for Package tidyquant

Last updated on 2018-08-17 07:47:52 CEST.

Flavor Version Tinstall Tcheck Ttotal Status Flags
r-devel-linux-x86_64-debian-clang 0.5.5 8.81 164.60 173.41 OK
r-devel-linux-x86_64-debian-gcc 0.5.5 6.20 126.78 132.98 OK
r-devel-linux-x86_64-fedora-clang 0.5.5 202.60 OK
r-devel-linux-x86_64-fedora-gcc 0.5.5 197.21 OK
r-devel-windows-ix86+x86_64 0.5.5 31.00 339.00 370.00 OK
r-patched-linux-x86_64 0.5.5 7.23 152.64 159.87 OK
r-patched-solaris-x86 0.5.5 277.60 NOTE
r-release-linux-x86_64 0.5.5 5.51 151.89 157.40 OK
r-release-windows-ix86+x86_64 0.5.5 23.00 324.00 347.00 OK
r-release-osx-x86_64 0.5.5 OK
r-oldrel-windows-ix86+x86_64 0.5.5 24.00 348.00 372.00 OK
r-oldrel-osx-x86_64 0.5.5 OK

Check Details

Version: 0.5.5
Check: package dependencies
Result: NOTE
    Package suggested but not available for checking: ‘Rblpapi’
Flavor: r-patched-solaris-x86

Version: 0.5.5
Check: installed package size
Result: NOTE
     installed size is 5.4Mb
     sub-directories of 1Mb or more:
     doc 4.4Mb
Flavor: r-patched-solaris-x86

Version: 0.5.5
Check: Rd cross-references
Result: NOTE
    Package unavailable to check Rd xrefs: ‘Rblpapi’
Flavor: r-patched-solaris-x86