CRAN Package Check Results for Package tidyquant

Last updated on 2018-10-18 13:47:54 CEST.

Flavor Version Tinstall Tcheck Ttotal Status Flags
r-devel-linux-x86_64-debian-clang 0.5.5 8.54 162.93 171.47 OK
r-devel-linux-x86_64-debian-gcc 0.5.5 OK
r-devel-linux-x86_64-fedora-clang 0.5.5 203.11 OK
r-devel-linux-x86_64-fedora-gcc 0.5.5 198.63 OK
r-devel-windows-ix86+x86_64 0.5.5 21.00 306.00 327.00 OK
r-patched-linux-x86_64 0.5.5 7.42 151.23 158.65 OK
r-patched-solaris-x86 0.5.5 275.70 NOTE
r-release-linux-x86_64 0.5.5 6.78 151.45 158.23 OK
r-release-windows-ix86+x86_64 0.5.5 30.00 299.00 329.00 OK
r-release-osx-x86_64 0.5.5 OK
r-oldrel-windows-ix86+x86_64 0.5.5 15.00 331.00 346.00 OK
r-oldrel-osx-x86_64 0.5.5 OK

Check Details

Version: 0.5.5
Check: package dependencies
Result: NOTE
    Package suggested but not available for checking: ‘Rblpapi’
Flavor: r-patched-solaris-x86

Version: 0.5.5
Check: installed package size
Result: NOTE
     installed size is 5.4Mb
     sub-directories of 1Mb or more:
     doc 4.4Mb
Flavor: r-patched-solaris-x86

Version: 0.5.5
Check: Rd cross-references
Result: NOTE
    Package unavailable to check Rd xrefs: ‘Rblpapi’
Flavor: r-patched-solaris-x86