CRAN Package Check Results for Package tidyquant

Last updated on 2018-05-27 21:48:09 CEST.

Flavor Version Tinstall Tcheck Ttotal Status Flags
r-devel-linux-x86_64-debian-clang 0.5.5 9.57 164.79 174.36 OK
r-devel-linux-x86_64-debian-gcc 0.5.5 6.55 134.35 140.90 OK
r-devel-linux-x86_64-fedora-clang 0.5.5 203.45 OK
r-devel-linux-x86_64-fedora-gcc 0.5.5 200.82 OK
r-devel-windows-ix86+x86_64 0.5.5 16.00 226.00 242.00 OK
r-patched-linux-x86_64 0.5.5 7.70 157.79 165.49 OK
r-patched-solaris-x86 0.5.5 280.10 NOTE
r-release-linux-x86_64 0.5.5 6.90 163.10 170.00 OK
r-release-windows-ix86+x86_64 0.5.5 23.00 307.00 330.00 OK
r-release-osx-x86_64 0.5.5 OK
r-oldrel-windows-ix86+x86_64 0.5.5 23.00 296.00 319.00 OK
r-oldrel-osx-x86_64 0.5.4 NOTE

Check Details

Version: 0.5.5
Check: package dependencies
Result: NOTE
    Package suggested but not available for checking: ‘Rblpapi’
Flavor: r-patched-solaris-x86

Version: 0.5.5
Check: installed package size
Result: NOTE
     installed size is 5.4Mb
     sub-directories of 1Mb or more:
     doc 4.4Mb
Flavor: r-patched-solaris-x86

Version: 0.5.5
Check: Rd cross-references
Result: NOTE
    Package unavailable to check Rd xrefs: ‘Rblpapi’
Flavor: r-patched-solaris-x86

Version: 0.5.4
Check: dependencies in R code
Result: NOTE
    Namespaces in Imports field not imported from:
     ‘broom’ ‘curl’ ‘devtools’ ‘rvest’ ‘timeSeries’ ‘tseries’ ‘zoo’
     All declared Imports should be used.
Flavor: r-oldrel-osx-x86_64