CRAN Package Check Results for Package tidyr

Last updated on 2019-08-20 01:48:20 CEST.

Flavor Version Tinstall Tcheck Ttotal Status Flags
r-devel-linux-x86_64-debian-clang 0.8.3 30.34 44.73 75.07 OK
r-devel-linux-x86_64-debian-gcc 0.8.3 22.76 35.81 58.57 OK
r-devel-linux-x86_64-fedora-clang 0.8.3 103.14 NOTE
r-devel-linux-x86_64-fedora-gcc 0.8.3 97.95 NOTE
r-devel-windows-ix86+x86_64 0.8.3 77.00 96.00 173.00 OK
r-patched-linux-x86_64 0.8.3 27.84 43.86 71.70 OK
r-patched-solaris-x86 0.8.3 123.70 NOTE
r-release-linux-x86_64 0.8.3 30.15 44.44 74.59 OK
r-release-windows-ix86+x86_64 0.8.3 58.00 84.00 142.00 OK
r-release-osx-x86_64 0.8.3 NOTE
r-oldrel-windows-ix86+x86_64 0.8.3 82.00 122.00 204.00 OK
r-oldrel-osx-x86_64 0.8.3 NOTE

Check Details

Version: 0.8.3
Check: data for non-ASCII characters
Result: NOTE
     Note: found 23 marked UTF-8 strings
Flavors: r-devel-linux-x86_64-fedora-clang, r-devel-linux-x86_64-fedora-gcc, r-patched-solaris-x86, r-release-osx-x86_64, r-oldrel-osx-x86_64