CRAN Package Check Results for Package tidyr

Last updated on 2019-02-23 17:53:01 CET.

Flavor Version Tinstall Tcheck Ttotal Status Flags
r-devel-linux-x86_64-debian-clang 0.8.2 28.32 46.67 74.99 OK
r-devel-linux-x86_64-debian-gcc 0.8.2 25.58 35.91 61.49 OK
r-devel-linux-x86_64-fedora-clang 0.8.2 104.56 NOTE
r-devel-linux-x86_64-fedora-gcc 0.8.2 96.16 NOTE
r-devel-windows-ix86+x86_64 0.8.2 73.00 86.00 159.00 OK
r-patched-linux-x86_64 0.8.2 29.04 42.90 71.94 OK
r-patched-solaris-x86 0.8.2 114.50 NOTE
r-release-linux-x86_64 0.8.2 31.12 42.94 74.06 OK
r-release-windows-ix86+x86_64 0.8.2 73.00 107.00 180.00 OK
r-release-osx-x86_64 0.8.2 NOTE
r-oldrel-windows-ix86+x86_64 0.8.2 56.00 94.00 150.00 OK
r-oldrel-osx-x86_64 0.8.2 NOTE

Check Details

Version: 0.8.2
Check: data for non-ASCII characters
Result: NOTE
     Note: found 23 marked UTF-8 strings
Flavors: r-devel-linux-x86_64-fedora-clang, r-devel-linux-x86_64-fedora-gcc, r-patched-solaris-x86, r-release-osx-x86_64, r-oldrel-osx-x86_64