CRAN Package Check Results for Package tidyrules

Last updated on 2020-02-27 17:51:11 CET.

Flavor Version Tinstall Tcheck Ttotal Status Flags
r-devel-linux-x86_64-debian-clang 0.1.3 5.39 76.23 81.62 OK
r-devel-linux-x86_64-debian-gcc 0.1.3 5.46 59.81 65.27 OK
r-devel-linux-x86_64-fedora-clang 0.1.3 107.06 OK
r-devel-linux-x86_64-fedora-gcc 0.1.3 97.04 OK
r-devel-windows-ix86+x86_64 0.1.3 13.00 89.00 102.00 OK
r-devel-windows-ix86+x86_64-gcc8 0.1.3 15.00 82.00 97.00 OK
r-patched-linux-x86_64 0.1.3 4.94 70.69 75.63 OK
r-patched-solaris-x86 0.1.3 149.70 OK
r-release-linux-x86_64 0.1.3 5.19 71.55 76.74 OK
r-release-windows-ix86+x86_64 0.1.3 10.00 87.00 97.00 OK
r-release-osx-x86_64 0.1.3 OK
r-oldrel-osx-x86_64 0.1.3 ERROR

Check Details

Version: 0.1.3
Check: whether package can be installed
Result: ERROR
    Installation failed.
Flavor: r-oldrel-osx-x86_64