CRAN Package Check Results for Package tidyselect

Last updated on 2019-12-15 09:46:58 CET.

Flavor Version Tinstall Tcheck Ttotal Status Flags
r-devel-linux-x86_64-debian-clang 0.2.5 20.93 31.67 52.60 OK
r-devel-linux-x86_64-debian-gcc 0.2.5 13.11 25.04 38.15 OK
r-devel-linux-x86_64-fedora-clang 0.2.5 65.10 OK
r-devel-linux-x86_64-fedora-gcc 0.2.5 62.37 OK
r-devel-windows-ix86+x86_64 0.2.5 1.00 7.00 8.00 ERROR
r-devel-windows-ix86+x86_64-gcc8 0.2.5 45.00 87.00 132.00 OK
r-patched-linux-x86_64 0.2.5 16.28 28.95 45.23 OK
r-patched-solaris-x86 0.2.5 76.40 OK
r-release-linux-x86_64 0.2.5 16.31 28.86 45.17 OK
r-release-windows-ix86+x86_64 0.2.5 35.00 63.00 98.00 OK
r-release-osx-x86_64 0.2.5 OK
r-oldrel-windows-ix86+x86_64 0.2.5 33.00 63.00 96.00 OK
r-oldrel-osx-x86_64 0.2.5 OK

Check Details

Version: 0.2.5
Check: whether package can be installed
Result: ERROR
    Installation failed.
Flavor: r-devel-windows-ix86+x86_64