CRAN Package Check Results for Package tidyselect

Last updated on 2024-02-20 21:49:43 CET.

Flavor Version Tinstall Tcheck Ttotal Status Flags
r-devel-linux-x86_64-debian-clang 1.2.0 NOTE
r-devel-linux-x86_64-debian-gcc 1.2.0 4.37 63.00 67.37 NOTE
r-devel-linux-x86_64-fedora-clang 1.2.0 106.54 NOTE
r-devel-linux-x86_64-fedora-gcc 1.2.0 115.00 NOTE
r-devel-windows-x86_64 1.2.0 5.00 82.00 87.00 NOTE
r-patched-linux-x86_64 1.2.0 5.42 82.73 88.15 OK
r-release-linux-x86_64 1.2.0 4.32 81.46 85.78 OK
r-release-macos-arm64 1.2.0 43.00 OK
r-release-macos-x86_64 1.2.0 65.00 OK
r-release-windows-x86_64 1.2.0 7.00 95.00 102.00 OK
r-oldrel-macos-arm64 1.2.0 39.00 OK
r-oldrel-windows-x86_64 1.2.0 7.00 97.00 104.00 OK

Check Details

Version: 1.2.0
Check: Rd \usage sections
Result: NOTE Documented arguments not in \usage in Rd file 'vars_select.Rd': ‘args’ Functions with \usage entries need to have the appropriate \alias entries, and all their arguments documented. The \usage entries must correspond to syntactically valid R code. See chapter ‘Writing R documentation files’ in the ‘Writing R Extensions’ manual. Flavors: r-devel-linux-x86_64-debian-clang, r-devel-linux-x86_64-debian-gcc, r-devel-linux-x86_64-fedora-clang, r-devel-linux-x86_64-fedora-gcc, r-devel-windows-x86_64