CRAN Package Check Results for Package tidytext

Last updated on 2018-05-23 14:47:16 CEST.

Flavor Version Tinstall Tcheck Ttotal Status Flags
r-devel-linux-x86_64-debian-clang 0.1.8 7.81 165.62 173.43 WARN
r-devel-linux-x86_64-debian-gcc 0.1.8 0.49 1.45 1.94 ERROR
r-devel-linux-x86_64-fedora-clang 0.1.8 207.72 OK
r-devel-linux-x86_64-fedora-gcc 0.1.8 206.19 OK
r-devel-windows-ix86+x86_64 0.1.8 15.00 238.00 253.00 OK
r-patched-linux-x86_64 0.1.8 6.21 151.66 157.87 OK
r-patched-solaris-x86 0.1.8 280.60 OK
r-release-linux-x86_64 0.1.8 7.38 152.36 159.74 OK
r-release-windows-ix86+x86_64 0.1.8 21.00 230.00 251.00 OK
r-release-osx-x86_64 0.1.8 OK
r-oldrel-windows-ix86+x86_64 0.1.8 18.00 238.00 256.00 OK
r-oldrel-osx-x86_64 0.1.8 OK

Check Details

Version: 0.1.8
Check: for unstated dependencies in ‘tests’
Result: WARN
    '::' or ':::' import not declared from: ‘data.table’
Flavor: r-devel-linux-x86_64-debian-clang

Version: 0.1.8
Check: package dependencies
Result: ERROR
    Packages required but not available: ‘dplyr’ ‘broom’ ‘purrr’
    
    Packages suggested but not available for checking:
     ‘readr’ ‘tidyr’ ‘quanteda’ ‘ggplot2’ ‘gutenbergr’ ‘stm’
    
    See section ‘The DESCRIPTION file’ in the ‘Writing R Extensions’
    manual.
Flavor: r-devel-linux-x86_64-debian-gcc