Last updated on 2021-01-26 18:50:56 CET.
Flavor | Version | Tinstall | Tcheck | Ttotal | Status | Flags |
---|---|---|---|---|---|---|
r-devel-linux-x86_64-debian-clang | 0.3.3 | 5.45 | 56.12 | 61.57 | OK | |
r-devel-linux-x86_64-debian-gcc | 0.3.3 | 4.95 | 42.75 | 47.70 | OK | |
r-devel-linux-x86_64-fedora-clang | 0.3.3 | 82.39 | NOTE | |||
r-devel-linux-x86_64-fedora-gcc | 0.3.3 | 39.85 | NOTE | |||
r-devel-windows-ix86+x86_64 | 0.3.3 | 17.00 | 75.00 | 92.00 | OK | |
r-patched-linux-x86_64 | 0.3.3 | 5.38 | 51.59 | 56.97 | OK | |
r-patched-solaris-x86 | 0.3.3 | 98.60 | NOTE | |||
r-release-linux-x86_64 | 0.3.3 | 5.45 | 52.07 | 57.52 | OK | |
r-release-macos-x86_64 | 0.3.3 | NOTE | ||||
r-release-windows-ix86+x86_64 | 0.3.3 | 17.00 | 58.00 | 75.00 | OK | |
r-oldrel-macos-x86_64 | 0.3.3 | NOTE | ||||
r-oldrel-windows-ix86+x86_64 | 0.3.3 | 11.00 | 71.00 | 82.00 | OK |
Version: 0.3.3
Check: dependencies in R code
Result: NOTE
Namespace in Imports field not imported from: ‘utils’
All declared Imports should be used.
Flavors: r-devel-linux-x86_64-fedora-clang, r-devel-linux-x86_64-fedora-gcc, r-patched-solaris-x86, r-release-macos-x86_64, r-oldrel-macos-x86_64
Version: 0.3.3
Check: package dependencies
Result: NOTE
Packages suggested but not available for checking: 'ggtree', 'treeio'
Flavor: r-release-macos-x86_64