CRAN Package Check Results for Package tidyverse

Last updated on 2018-02-20 19:48:42 CET.

Flavor Version Tinstall Tcheck Ttotal Status Flags
r-devel-linux-x86_64-debian-clang 1.2.1 3.90 45.02 48.92 OK
r-devel-linux-x86_64-debian-gcc 1.2.1 2.89 35.93 38.82 OK
r-devel-linux-x86_64-fedora-clang 1.2.1 59.03 NOTE
r-devel-linux-x86_64-fedora-gcc 1.2.1 57.81 NOTE
r-devel-windows-ix86+x86_64 1.2.1 9.00 63.00 72.00 OK
r-patched-linux-x86_64 1.2.1 3.03 52.48 55.51 OK
r-patched-solaris-x86 1.2.1 92.90 NOTE
r-release-linux-x86_64 1.2.1 3.19 52.44 55.63 OK
r-release-windows-ix86+x86_64 1.2.1 20.00 95.00 115.00 OK
r-release-osx-x86_64 1.2.1 NOTE
r-oldrel-windows-ix86+x86_64 1.2.1 16.00 79.00 95.00 OK
r-oldrel-osx-x86_64 1.2.1 ERROR

Check Details

Version: 1.2.1
Check: dependencies in R code
Result: NOTE
    Namespaces in Imports field not imported from:
     ‘dbplyr’ ‘reprex’ ‘rlang’
     All declared Imports should be used.
Flavors: r-devel-linux-x86_64-fedora-clang, r-devel-linux-x86_64-fedora-gcc, r-patched-solaris-x86, r-release-osx-x86_64

Version: 1.2.1
Check: package dependencies
Result: ERROR
    Package required but not available: ‘reprex’
    
    See section ‘The DESCRIPTION file’ in the ‘Writing R Extensions’
    manual.
Flavor: r-oldrel-osx-x86_64