CRAN Package Check Results for Package tidyverse

Last updated on 2019-02-20 11:51:52 CET.

Flavor Version Tinstall Tcheck Ttotal Status Flags
r-devel-linux-x86_64-debian-clang 1.2.1 4.53 51.87 56.40 OK
r-devel-linux-x86_64-debian-gcc 1.2.1 3.79 40.00 43.79 OK
r-devel-linux-x86_64-fedora-clang 1.2.1 66.60 NOTE
r-devel-linux-x86_64-fedora-gcc 1.2.1 60.04 NOTE
r-devel-windows-ix86+x86_64 1.2.1 14.00 115.00 129.00 OK
r-patched-linux-x86_64 1.2.1 OK
r-patched-solaris-x86 1.2.1 106.00 NOTE
r-release-linux-x86_64 1.2.1 4.47 48.32 52.79 OK
r-release-windows-ix86+x86_64 1.2.1 10.00 113.00 123.00 OK
r-release-osx-x86_64 1.2.1 NOTE
r-oldrel-windows-ix86+x86_64 1.2.1 10.00 72.00 82.00 OK
r-oldrel-osx-x86_64 1.2.1 NOTE

Check Details

Version: 1.2.1
Check: dependencies in R code
Result: NOTE
    Namespaces in Imports field not imported from:
     ‘dbplyr’ ‘reprex’ ‘rlang’
     All declared Imports should be used.
Flavors: r-devel-linux-x86_64-fedora-clang, r-devel-linux-x86_64-fedora-gcc, r-patched-solaris-x86, r-release-osx-x86_64, r-oldrel-osx-x86_64