CRAN Package Check Results for Package tidyverse

Last updated on 2022-06-26 05:52:39 CEST.

Flavor Version Tinstall Tcheck Ttotal Status Flags
r-devel-linux-x86_64-debian-clang 1.3.1 10.53 94.74 105.27 OK
r-devel-linux-x86_64-debian-gcc 1.3.1 8.46 70.68 79.14 OK
r-devel-linux-x86_64-fedora-clang 1.3.1 139.59 NOTE
r-devel-linux-x86_64-fedora-gcc 1.3.1 133.15 NOTE
r-devel-windows-x86_64 1.3.1 29.00 118.00 147.00 OK
r-patched-linux-x86_64 1.3.1 10.40 88.97 99.37 OK
r-release-linux-x86_64 1.3.1 8.01 88.48 96.49 OK
r-release-macos-arm64 1.3.1 38.00 NOTE
r-release-macos-x86_64 1.3.1 65.00 NOTE
r-release-windows-x86_64 1.3.1 25.00 118.00 143.00 OK
r-oldrel-macos-arm64 1.3.1 45.00 NOTE
r-oldrel-macos-x86_64 1.3.1 51.00 NOTE
r-oldrel-windows-ix86+x86_64 1.3.1 26.00 117.00 143.00 OK

Check Details

Version: 1.3.1
Check: package dependencies
Result: NOTE
    Imports includes 29 non-default packages.
    Importing from so many packages makes the package vulnerable to any of
    them becoming unavailable. Move as many as possible to Suggests and
    use conditionally.
Flavor: r-devel-linux-x86_64-fedora-clang

Version: 1.3.1
Check: dependencies in R code
Result: NOTE
    Namespaces in Imports field not imported from:
     ‘dtplyr’ ‘googledrive’ ‘googlesheets4’
     All declared Imports should be used.
Flavors: r-devel-linux-x86_64-fedora-clang, r-devel-linux-x86_64-fedora-gcc, r-release-macos-arm64, r-release-macos-x86_64, r-oldrel-macos-arm64, r-oldrel-macos-x86_64