Last updated on 2023-03-31 11:54:25 CEST.
Flavor | Version | Tinstall | Tcheck | Ttotal | Status | Flags |
---|---|---|---|---|---|---|
r-devel-linux-x86_64-debian-clang | 2.0.0 | 7.55 | 55.62 | 63.17 | OK | |
r-devel-linux-x86_64-debian-gcc | 2.0.0 | 5.57 | 42.66 | 48.23 | OK | |
r-devel-linux-x86_64-fedora-clang | 2.0.0 | 80.18 | NOTE | |||
r-devel-linux-x86_64-fedora-gcc | 2.0.0 | 97.15 | OK | |||
r-patched-linux-x86_64 | 2.0.0 | 7.14 | 52.34 | 59.48 | OK | |
r-release-linux-x86_64 | 2.0.0 | 5.90 | 70.64 | 76.54 | OK | |
r-release-macos-arm64 | 2.0.0 | 29.00 | OK | |||
r-release-macos-x86_64 | 2.0.0 | 46.00 | OK | |||
r-release-windows-x86_64 | 2.0.0 | 24.00 | 120.00 | 144.00 | OK | |
r-oldrel-macos-arm64 | 2.0.0 | 29.00 | OK | |||
r-oldrel-macos-x86_64 | 2.0.0 | 50.00 | OK | |||
r-oldrel-windows-ix86+x86_64 | 2.0.0 | 20.00 | 105.00 | 125.00 | OK |
Version: 2.0.0
Check: package dependencies
Result: NOTE
Imports includes 30 non-default packages.
Importing from so many packages makes the package vulnerable to any of
them becoming unavailable. Move as many as possible to Suggests and
use conditionally.
Flavor: r-devel-linux-x86_64-fedora-clang