CRAN Package Check Results for Package tidyverse

Last updated on 2018-11-20 11:49:18 CET.

Flavor Version Tinstall Tcheck Ttotal Status Flags
r-devel-linux-x86_64-debian-clang OK
r-devel-linux-x86_64-debian-gcc 1.2.1 3.26 38.25 41.51 OK
r-devel-linux-x86_64-fedora-clang 1.2.1 61.52 NOTE
r-devel-linux-x86_64-fedora-gcc 1.2.1 58.30 NOTE
r-devel-windows-ix86+x86_64 1.2.1 13.00 109.00 122.00 OK
r-patched-linux-x86_64 1.2.1 3.40 46.09 49.49 OK
r-patched-solaris-x86 1.2.1 97.20 NOTE
r-release-linux-x86_64 1.2.1 3.87 45.97 49.84 OK
r-release-windows-ix86+x86_64 1.2.1 9.00 72.00 81.00 OK
r-release-osx-x86_64 1.2.1 NOTE
r-oldrel-windows-ix86+x86_64 1.2.1 9.00 72.00 81.00 OK
r-oldrel-osx-x86_64 1.2.1 NOTE

Check Details

Version: 1.2.1
Check: dependencies in R code
Result: NOTE
    Namespaces in Imports field not imported from:
     ‘dbplyr’ ‘reprex’ ‘rlang’
     All declared Imports should be used.
Flavors: r-devel-linux-x86_64-fedora-clang, r-devel-linux-x86_64-fedora-gcc, r-patched-solaris-x86, r-release-osx-x86_64, r-oldrel-osx-x86_64