CRAN Package Check Results for Package tidyverse

Last updated on 2022-01-17 01:48:38 CET.

Flavor Version Tinstall Tcheck Ttotal Status Flags
r-devel-linux-x86_64-debian-clang 1.3.1 9.03 97.18 106.21 OK
r-devel-linux-x86_64-debian-gcc 1.3.1 8.25 72.48 80.73 OK
r-devel-linux-x86_64-fedora-clang 1.3.1 130.07 NOTE
r-devel-linux-x86_64-fedora-gcc 1.3.1 114.28 NOTE
r-devel-windows-x86_64-new-UL 1.3.1 37.00 118.00 155.00 OK
r-devel-windows-x86_64-new-TK 1.3.1 NOTE
r-patched-linux-x86_64 1.3.1 9.61 92.52 102.13 OK
r-release-linux-x86_64 1.3.1 OK
r-release-macos-arm64 1.3.1 NOTE
r-release-macos-x86_64 1.3.1 NOTE
r-release-windows-ix86+x86_64 1.3.1 23.00 111.00 134.00 OK
r-oldrel-macos-x86_64 1.3.1 NOTE
r-oldrel-windows-ix86+x86_64 1.3.1 24.00 112.00 136.00 OK

Check Details

Version: 1.3.1
Check: package dependencies
Result: NOTE
    Imports includes 29 non-default packages.
    Importing from so many packages makes the package vulnerable to any of
    them becoming unavailable. Move as many as possible to Suggests and
    use conditionally.
Flavor: r-devel-linux-x86_64-fedora-clang

Version: 1.3.1
Check: dependencies in R code
Result: NOTE
    Namespaces in Imports field not imported from:
     ‘dtplyr’ ‘googledrive’ ‘googlesheets4’
     All declared Imports should be used.
Flavors: r-devel-linux-x86_64-fedora-clang, r-devel-linux-x86_64-fedora-gcc, r-devel-windows-x86_64-new-TK, r-release-macos-arm64, r-release-macos-x86_64, r-oldrel-macos-x86_64