Last updated on 2023-12-03 14:50:40 CET.
Flavor | Version | Tinstall | Tcheck | Ttotal | Status | Flags |
---|---|---|---|---|---|---|
r-devel-linux-x86_64-debian-clang | 0.5.7 | 7.66 | 116.86 | 124.52 | OK | |
r-devel-linux-x86_64-debian-gcc | 0.5.7 | 7.17 | 88.20 | 95.37 | OK | |
r-devel-linux-x86_64-fedora-clang | 0.5.7 | 155.98 | NOTE | |||
r-devel-linux-x86_64-fedora-gcc | 0.5.7 | 142.17 | NOTE | |||
r-devel-windows-x86_64 | 0.5.7 | 9.00 | 138.00 | 147.00 | OK | |
r-patched-linux-x86_64 | 0.5.7 | 7.61 | 113.53 | 121.14 | OK | |
r-release-linux-x86_64 | 0.5.7 | 7.77 | 113.23 | 121.00 | OK | |
r-release-macos-arm64 | 0.5.7 | 65.00 | OK | |||
r-release-macos-x86_64 | 0.5.7 | 86.00 | OK | |||
r-release-windows-x86_64 | 0.5.7 | 12.00 | 160.00 | 172.00 | OK | |
r-oldrel-macos-arm64 | 0.5.7 | 49.00 | OK | |||
r-oldrel-macos-x86_64 | 0.5.7 | 72.00 | OK | |||
r-oldrel-windows-x86_64 | 0.5.7 | 13.00 | 140.00 | 153.00 | OK |
Version: 0.5.7
Check: data for non-ASCII characters
Result: NOTE
Note: found 4581 marked UTF-8 strings
Flavors: r-devel-linux-x86_64-fedora-clang, r-devel-linux-x86_64-fedora-gcc