CRAN Package Check Results for Package tigger

Last updated on 2024-02-21 15:51:01 CET.

Flavor Version Tinstall Tcheck Ttotal Status Flags
r-devel-linux-x86_64-debian-clang 1.1.0 OK
r-devel-linux-x86_64-debian-gcc 1.1.0 42.65 426.54 469.19 OK
r-devel-linux-x86_64-fedora-clang 1.1.0 534.36 OK
r-devel-linux-x86_64-fedora-gcc 1.1.0 550.11 OK
r-devel-windows-x86_64 1.1.0 47.00 430.00 477.00 OK
r-patched-linux-x86_64 1.1.0 37.08 483.33 520.41 OK
r-release-linux-x86_64 1.1.0 37.23 539.02 576.25 OK
r-release-macos-arm64 1.1.0 206.00 NOTE
r-release-macos-x86_64 1.1.0 457.00 OK
r-release-windows-x86_64 1.1.0 62.00 543.00 605.00 OK
r-oldrel-macos-arm64 1.1.0 206.00 NOTE
r-oldrel-windows-x86_64 1.1.0 59.00 478.00 537.00 OK

Check Details

Version: 1.1.0
Check: installed package size
Result: NOTE installed size is 5.1Mb sub-directories of 1Mb or more: data 4.5Mb Flavors: r-release-macos-arm64, r-oldrel-macos-arm64