Last updated on 2022-06-26 12:55:00 CEST.
Flavor | Version | Tinstall | Tcheck | Ttotal | Status | Flags |
---|---|---|---|---|---|---|
r-devel-linux-x86_64-debian-clang | 1.0.0 | 52.54 | 479.37 | 531.91 | OK | |
r-devel-linux-x86_64-debian-gcc | 1.0.0 | 42.53 | 377.58 | 420.11 | OK | |
r-devel-linux-x86_64-fedora-clang | 1.0.0 | 692.03 | WARN | |||
r-devel-linux-x86_64-fedora-gcc | 1.0.0 | 671.07 | WARN | |||
r-devel-windows-x86_64 | 1.0.0 | 59.00 | 520.00 | 579.00 | OK | |
r-patched-linux-x86_64 | 1.0.0 | 40.12 | 465.22 | 505.34 | OK | |
r-release-linux-x86_64 | 1.0.0 | 37.69 | 476.67 | 514.36 | OK | |
r-release-macos-arm64 | 1.0.0 | 176.00 | OK | |||
r-release-macos-x86_64 | 1.0.0 | 362.00 | OK | |||
r-release-windows-x86_64 | 1.0.0 | 56.00 | 505.00 | 561.00 | OK | |
r-oldrel-macos-arm64 | 1.0.0 | 239.00 | OK | |||
r-oldrel-macos-x86_64 | 1.0.0 | 370.00 | OK | |||
r-oldrel-windows-ix86+x86_64 | 1.0.0 | 100.00 | 518.00 | 618.00 | OK |
Version: 1.0.0
Check: package dependencies
Result: WARN
Requires orphaned package: ‘gtools’
Flavors: r-devel-linux-x86_64-fedora-clang, r-devel-linux-x86_64-fedora-gcc