CRAN Package Check Results for Package tigris

Last updated on 2018-05-23 18:53:05 CEST.

Flavor Version Tinstall Tcheck Ttotal Status Flags
r-devel-linux-x86_64-debian-clang 0.7 5.95 64.80 70.75 OK
r-devel-linux-x86_64-debian-gcc 0.7 0.33 1.33 1.66 ERROR
r-devel-linux-x86_64-fedora-clang 0.7 88.55 OK
r-devel-linux-x86_64-fedora-gcc 0.7 85.10 OK
r-devel-windows-ix86+x86_64 0.7 12.00 136.00 148.00 OK
r-patched-linux-x86_64 0.7 5.59 58.45 64.04 OK
r-patched-solaris-x86 0.7 142.20 OK
r-release-linux-x86_64 0.7 4.71 58.27 62.98 OK
r-release-windows-ix86+x86_64 0.7 21.00 121.00 142.00 ERROR
r-release-osx-x86_64 0.7 OK
r-oldrel-windows-ix86+x86_64 0.7 15.00 114.00 129.00 OK
r-oldrel-osx-x86_64 0.7 OK

Check Details

Version: 0.7
Check: package dependencies
Result: ERROR
    Package required but not available: ‘dplyr’
    
    Packages suggested but not available for checking:
     ‘ggplot2’ ‘ggthemes’ ‘leaflet’
    
    See section ‘The DESCRIPTION file’ in the ‘Writing R Extensions’
    manual.
Flavor: r-devel-linux-x86_64-debian-gcc

Version: 0.7
Check: whether package can be installed
Result: ERROR
    Installation failed.
Flavor: r-release-windows-ix86+x86_64