CRAN Package Check Results for Package timeDate

Last updated on 2021-04-17 10:50:19 CEST.

Flavor Version Tinstall Tcheck Ttotal Status Flags
r-devel-linux-x86_64-debian-clang 3043.102 29.45 104.35 133.80 NOTE
r-devel-linux-x86_64-debian-gcc 3043.102 22.47 75.40 97.87 NOTE
r-devel-linux-x86_64-fedora-clang 3043.102 168.84 NOTE
r-devel-linux-x86_64-fedora-gcc 3043.102 155.13 NOTE
r-devel-windows-ix86+x86_64 3043.102 49.00 96.00 145.00 NOTE
r-devel-windows-x86_64-gcc10-UCRT 3043.102 NOTE
r-patched-linux-x86_64 3043.102 26.13 91.00 117.13 OK
r-patched-solaris-x86 3043.102 182.30 OK
r-release-linux-x86_64 3043.102 25.83 90.29 116.12 OK
r-release-macos-x86_64 3043.102 OK
r-release-windows-ix86+x86_64 3043.102 34.00 109.00 143.00 OK
r-oldrel-macos-x86_64 3043.102 OK
r-oldrel-windows-ix86+x86_64 3043.102 38.00 78.00 116.00 OK

Check Details

Version: 3043.102
Check: LazyData
Result: NOTE
     'LazyData' is specified without a 'data' directory
Flavors: r-devel-linux-x86_64-debian-clang, r-devel-linux-x86_64-debian-gcc, r-devel-linux-x86_64-fedora-clang, r-devel-linux-x86_64-fedora-gcc, r-devel-windows-ix86+x86_64, r-devel-windows-x86_64-gcc10-UCRT