CRAN Package Check Results for Package timereg

Last updated on 2022-09-24 15:55:33 CEST.

Flavor Version Tinstall Tcheck Ttotal Status Flags
r-devel-linux-x86_64-debian-clang 2.0.2 66.51 133.47 199.98 OK
r-devel-linux-x86_64-debian-gcc 2.0.2 44.29 135.32 179.61 OK
r-devel-linux-x86_64-fedora-clang 2.0.2 324.27 WARN
r-devel-linux-x86_64-fedora-gcc 2.0.2 299.20 OK
r-devel-windows-x86_64 2.0.2 78.00 198.00 276.00 OK
r-patched-linux-x86_64 2.0.2 51.78 168.87 220.65 OK
r-release-linux-x86_64 2.0.2 48.50 170.51 219.01 OK
r-release-macos-arm64 2.0.2 74.00 OK
r-release-macos-x86_64 2.0.2 103.00 OK
r-release-windows-x86_64 2.0.2 75.00 197.00 272.00 OK
r-oldrel-macos-arm64 2.0.2 65.00 OK
r-oldrel-macos-x86_64 2.0.2 101.00 OK
r-oldrel-windows-ix86+x86_64 2.0.2 134.00 257.00 391.00 OK

Additional issues

clang15

Check Details

Version: 2.0.2
Check: whether package can be installed
Result: WARN
    Found the following significant warnings:
     Gprop-odds-subdist.c:534:31: warning: invalid UTF-8 in comment [-Winvalid-utf8]
     Gprop-odds-subdist.c:569:44: warning: invalid UTF-8 in comment [-Winvalid-utf8]
     Gprop-odds.c:529:31: warning: invalid UTF-8 in comment [-Winvalid-utf8]
     Gprop-odds.c:564:44: warning: invalid UTF-8 in comment [-Winvalid-utf8]
     breslow.c:206:21: warning: invalid UTF-8 in comment [-Winvalid-utf8]
     breslow.c:262:60: warning: invalid UTF-8 in comment [-Winvalid-utf8]
     breslow.c:320:46: warning: invalid UTF-8 in comment [-Winvalid-utf8]
     breslow.c:670:12: warning: invalid UTF-8 in comment [-Winvalid-utf8]
     comprisk.c:833:10: warning: invalid UTF-8 in comment [-Winvalid-utf8]
     cox-aalen-lwy-resamp.c:742:71: warning: invalid UTF-8 in comment [-Winvalid-utf8]
     cox-aalen-lwy-resamp.c:766:57: warning: invalid UTF-8 in comment [-Winvalid-utf8]
     cox-aalen-stratum.c:754:71: warning: invalid UTF-8 in comment [-Winvalid-utf8]
     cox-aalen-stratum.c:781:57: warning: invalid UTF-8 in comment [-Winvalid-utf8]
     cox-aalen.c:964:69: warning: invalid UTF-8 in comment [-Winvalid-utf8]
     cox-aalen.c:996:57: warning: invalid UTF-8 in comment [-Winvalid-utf8]
     ipcw-residualmean.c:471:14: warning: invalid UTF-8 in comment [-Winvalid-utf8]
     pred.c:142:17: warning: invalid UTF-8 in comment [-Winvalid-utf8]
     pred.c:157:14: warning: invalid UTF-8 in comment [-Winvalid-utf8]
     prop-excess.c:159:42: warning: invalid UTF-8 in comment [-Winvalid-utf8]
     prop-excess.c:220:65: warning: invalid UTF-8 in comment [-Winvalid-utf8]
     prop-excess.c:329:20: warning: invalid UTF-8 in comment [-Winvalid-utf8]
     prop-excess.c:372:68: warning: invalid UTF-8 in comment [-Winvalid-utf8]
     prop-excess.c:437:40: warning: invalid UTF-8 in comment [-Winvalid-utf8]
     prop-excess.c:584:33: warning: invalid UTF-8 in comment [-Winvalid-utf8]
     prop-excess.c:656:18: warning: invalid UTF-8 in comment [-Winvalid-utf8]
     prop-excess.c:680:30: warning: invalid UTF-8 in comment [-Winvalid-utf8]
     prop-excess.c:733:17: warning: invalid UTF-8 in comment [-Winvalid-utf8]
     prop-excess.c:738:40: warning: invalid UTF-8 in comment [-Winvalid-utf8]
     prop-odds-subdist2.c:569:31: warning: invalid UTF-8 in comment [-Winvalid-utf8]
     prop-odds-subdist2.c:591:44: warning: invalid UTF-8 in comment [-Winvalid-utf8]
     prop-odds.c:496:31: warning: invalid UTF-8 in comment [-Winvalid-utf8]
     prop-odds.c:518:44: warning: invalid UTF-8 in comment [-Winvalid-utf8]
     timecox.c:144:23: warning: invalid UTF-8 in comment [-Winvalid-utf8]
     timecox.c:307:14: warning: invalid UTF-8 in comment [-Winvalid-utf8]
Flavor: r-devel-linux-x86_64-fedora-clang