CRAN Package Check Results for Package timeseriesdb

Last updated on 2019-09-16 00:47:55 CEST.

Flavor Version Tinstall Tcheck Ttotal Status Flags
r-devel-linux-x86_64-debian-clang 0.4.1 4.54 44.04 48.58 OK
r-devel-linux-x86_64-debian-gcc 0.4.1 3.89 33.76 37.65 OK
r-devel-linux-x86_64-fedora-clang 0.4.1 58.15 NOTE
r-devel-linux-x86_64-fedora-gcc 0.4.1 56.41 NOTE
r-devel-windows-ix86+x86_64 0.4.1 20.00 62.00 82.00 OK
r-patched-linux-x86_64 0.4.1 4.38 41.93 46.31 OK
r-patched-solaris-x86 0.4.1 82.90 NOTE
r-release-linux-x86_64 0.4.1 4.41 42.42 46.83 OK
r-release-windows-ix86+x86_64 0.4.1 9.00 58.00 67.00 OK
r-release-osx-x86_64 0.4.1 NOTE
r-oldrel-windows-ix86+x86_64 0.4.1 9.00 54.00 63.00 OK
r-oldrel-osx-x86_64 0.4.1 NOTE

Check Details

Version: 0.4.1
Check: dependencies in R code
Result: NOTE
    Namespace in Imports field not imported from: ‘shiny’
     All declared Imports should be used.
Flavors: r-devel-linux-x86_64-fedora-clang, r-devel-linux-x86_64-fedora-gcc, r-patched-solaris-x86, r-release-osx-x86_64, r-oldrel-osx-x86_64