CRAN Package Check Results for Package timeseriesdb

Last updated on 2020-01-27 02:47:36 CET.

Flavor Version Tinstall Tcheck Ttotal Status Flags
r-devel-linux-x86_64-debian-clang 0.4.1 5.23 50.50 55.73 OK
r-devel-linux-x86_64-debian-gcc 0.4.1 4.71 38.70 43.41 OK
r-devel-linux-x86_64-fedora-clang 0.4.1 67.31 NOTE
r-devel-linux-x86_64-fedora-gcc 0.4.1 64.33 NOTE
r-devel-windows-ix86+x86_64 0.4.1 14.00 87.00 101.00 OK
r-devel-windows-ix86+x86_64-gcc8 0.4.1 23.00 60.00 83.00 OK
r-patched-linux-x86_64 0.4.1 4.77 42.92 47.69 OK
r-patched-solaris-x86 0.4.1 97.80 NOTE
r-release-linux-x86_64 0.4.1 4.87 42.75 47.62 OK
r-release-windows-ix86+x86_64 0.4.1 11.00 59.00 70.00 OK
r-release-osx-x86_64 0.4.1 NOTE
r-oldrel-windows-ix86+x86_64 0.4.1 6.00 55.00 61.00 OK
r-oldrel-osx-x86_64 0.4.1 NOTE

Check Details

Version: 0.4.1
Check: dependencies in R code
Result: NOTE
    Namespace in Imports field not imported from: ‘shiny’
     All declared Imports should be used.
Flavors: r-devel-linux-x86_64-fedora-clang, r-devel-linux-x86_64-fedora-gcc, r-patched-solaris-x86, r-release-osx-x86_64, r-oldrel-osx-x86_64