CRAN Package Check Results for Package timetk

Last updated on 2018-10-19 06:48:23 CEST.

Flavor Version Tinstall Tcheck Ttotal Status Flags
r-devel-linux-x86_64-debian-clang 0.1.1.1 4.54 90.62 95.16 OK
r-devel-linux-x86_64-debian-gcc 0.1.1.1 3.51 70.56 74.07 OK
r-devel-linux-x86_64-fedora-clang 0.1.1.1 111.23 NOTE
r-devel-linux-x86_64-fedora-gcc 0.1.1.1 106.87 NOTE
r-devel-windows-ix86+x86_64 0.1.1.1 12.00 157.00 169.00 OK
r-patched-linux-x86_64 0.1.1.1 3.06 82.82 85.88 OK
r-patched-solaris-x86 0.1.1.1 169.60 NOTE
r-release-linux-x86_64 0.1.1.1 3.32 83.25 86.57 OK
r-release-windows-ix86+x86_64 0.1.1.1 10.00 159.00 169.00 OK
r-release-osx-x86_64 0.1.1.1 NOTE
r-oldrel-windows-ix86+x86_64 0.1.1.1 7.00 172.00 179.00 OK
r-oldrel-osx-x86_64 0.1.1.1 NOTE

Check Details

Version: 0.1.1.1
Check: dependencies in R code
Result: NOTE
    Namespaces in Imports field not imported from:
     ‘devtools’ ‘forecast’
     All declared Imports should be used.
Flavors: r-devel-linux-x86_64-fedora-clang, r-devel-linux-x86_64-fedora-gcc, r-patched-solaris-x86, r-release-osx-x86_64, r-oldrel-osx-x86_64