CRAN Package Check Results for Package timetk

Last updated on 2019-01-24 04:51:58 CET.

Flavor Version Tinstall Tcheck Ttotal Status Flags
r-devel-linux-x86_64-debian-clang 0.1.1.1 4.07 99.74 103.81 OK
r-devel-linux-x86_64-debian-gcc 0.1.1.1 3.44 75.85 79.29 OK
r-devel-linux-x86_64-fedora-clang 0.1.1.1 119.70 NOTE
r-devel-linux-x86_64-fedora-gcc 0.1.1.1 112.26 NOTE
r-devel-windows-ix86+x86_64 0.1.1.1 12.00 179.00 191.00 OK
r-patched-linux-x86_64 0.1.1.1 3.24 83.60 86.84 OK
r-patched-solaris-x86 0.1.1.1 171.70 NOTE
r-release-linux-x86_64 0.1.1.1 3.59 84.36 87.95 OK
r-release-windows-ix86+x86_64 0.1.1.1 9.00 126.00 135.00 OK
r-release-osx-x86_64 0.1.1.1 NOTE
r-oldrel-windows-ix86+x86_64 0.1.1.1 13.00 180.00 193.00 OK
r-oldrel-osx-x86_64 0.1.1.1 NOTE

Check Details

Version: 0.1.1.1
Check: dependencies in R code
Result: NOTE
    Namespaces in Imports field not imported from:
     ‘devtools’ ‘forecast’
     All declared Imports should be used.
Flavors: r-devel-linux-x86_64-fedora-clang, r-devel-linux-x86_64-fedora-gcc, r-patched-solaris-x86, r-release-osx-x86_64, r-oldrel-osx-x86_64