CRAN Package Check Results for Package timetk

Last updated on 2018-08-18 10:50:49 CEST.

Flavor Version Tinstall Tcheck Ttotal Status Flags
r-devel-linux-x86_64-debian-clang 0.1.1 3.28 91.95 95.23 WARN
r-devel-linux-x86_64-debian-gcc 0.1.1 3.27 70.97 74.24 WARN
r-devel-linux-x86_64-fedora-clang 0.1.1 112.15 WARN
r-devel-linux-x86_64-fedora-gcc 0.1.1 115.40 WARN
r-devel-windows-ix86+x86_64 0.1.1 11.00 189.00 200.00 WARN
r-patched-linux-x86_64 0.1.1 3.29 82.33 85.62 OK
r-patched-solaris-x86 0.1.1 173.00 NOTE
r-release-linux-x86_64 0.1.1 2.97 82.42 85.39 OK
r-release-windows-ix86+x86_64 0.1.1 14.00 147.00 161.00 OK
r-release-osx-x86_64 0.1.1 NOTE
r-oldrel-windows-ix86+x86_64 0.1.1 9.00 127.00 136.00 OK
r-oldrel-osx-x86_64 0.1.1 NOTE

Check Details

Version: 0.1.1
Check: for unstated dependencies in ‘tests’
Result: WARN
    '::' or ':::' imports not declared from:
     ‘fracdiff’ ‘timeDate’ ‘tseries’
Flavors: r-devel-linux-x86_64-debian-clang, r-devel-linux-x86_64-debian-gcc, r-devel-linux-x86_64-fedora-clang, r-devel-linux-x86_64-fedora-gcc, r-devel-windows-ix86+x86_64

Version: 0.1.1
Check: dependencies in R code
Result: NOTE
    Namespaces in Imports field not imported from:
     ‘devtools’ ‘forecast’
     All declared Imports should be used.
Flavors: r-devel-linux-x86_64-fedora-clang, r-devel-linux-x86_64-fedora-gcc, r-patched-solaris-x86, r-release-osx-x86_64, r-oldrel-osx-x86_64