CRAN Package Check Results for Package timetk

Last updated on 2018-05-25 01:47:01 CEST.

Flavor Version Tinstall Tcheck Ttotal Status Flags
r-devel-linux-x86_64-debian-clang 0.1.1 3.36 79.48 82.84 WARN
r-devel-linux-x86_64-debian-gcc 0.1.1 3.09 71.40 74.49 WARN
r-devel-linux-x86_64-fedora-clang 0.1.1 72.76 NOTE
r-devel-linux-x86_64-fedora-gcc 0.1.1 107.37 NOTE
r-devel-windows-ix86+x86_64 0.1.1 8.00 116.00 124.00 OK
r-patched-linux-x86_64 0.1.1 3.98 85.03 89.01 OK
r-patched-solaris-x86 0.1.1 152.80 NOTE
r-release-linux-x86_64 0.1.1 2.96 84.76 87.72 OK
r-release-windows-ix86+x86_64 0.1.1 12.00 165.00 177.00 OK
r-release-osx-x86_64 0.1.1 NOTE
r-oldrel-windows-ix86+x86_64 0.1.1 10.00 134.00 144.00 OK
r-oldrel-osx-x86_64 0.1.0 NOTE

Check Details

Version: 0.1.1
Check: for unstated dependencies in ‘tests’
Result: WARN
    '::' or ':::' imports not declared from:
     ‘fracdiff’ ‘timeDate’ ‘tseries’
Flavors: r-devel-linux-x86_64-debian-clang, r-devel-linux-x86_64-debian-gcc

Version: 0.1.1
Check: dependencies in R code
Result: NOTE
    Namespaces in Imports field not imported from:
     ‘devtools’ ‘forecast’
     All declared Imports should be used.
Flavors: r-devel-linux-x86_64-fedora-clang, r-devel-linux-x86_64-fedora-gcc, r-patched-solaris-x86, r-release-osx-x86_64

Version: 0.1.0
Check: dependencies in R code
Result: NOTE
    Namespaces in Imports field not imported from:
     ‘devtools’ ‘forecast’
     All declared Imports should be used.
Flavor: r-oldrel-osx-x86_64