CRAN Package Check Results for Package timevarcorr

Last updated on 2024-02-28 02:58:20 CET.

Flavor Version Tinstall Tcheck Ttotal Status Flags
r-devel-linux-x86_64-debian-clang 0.1.1 2.29 70.15 72.44 OK
r-devel-linux-x86_64-debian-gcc 0.1.1 2.15 51.55 53.70 OK
r-devel-linux-x86_64-fedora-clang 0.1.1 87.19 NOTE
r-devel-linux-x86_64-fedora-gcc 0.1.1 85.49 OK
r-devel-windows-x86_64 0.1.1 3.00 74.00 77.00 OK
r-patched-linux-x86_64 0.1.1 3.48 68.07 71.55 OK
r-release-linux-x86_64 0.1.1 3.05 68.38 71.43 OK
r-release-macos-arm64 0.1.1 31.00 OK
r-release-macos-x86_64 0.1.1 79.00 OK
r-release-windows-x86_64 0.1.1 3.00 84.00 87.00 OK
r-oldrel-macos-arm64 0.1.1 34.00 OK
r-oldrel-windows-x86_64 0.1.1 6.00 83.00 89.00 OK

Check Details

Version: 0.1.1
Check: Rd cross-references
Result: NOTE Undeclared package ‘pkgdown’ in Rd xrefs Flavor: r-devel-linux-x86_64-fedora-clang