CRAN Package Check Results for Package timevis

Last updated on 2022-09-25 01:51:57 CEST.

Flavor Version Tinstall Tcheck Ttotal Status Flags
r-devel-linux-x86_64-debian-clang 2.0.0 3.85 48.74 52.59 OK
r-devel-linux-x86_64-debian-gcc 2.0.0 3.01 38.31 41.32 OK
r-devel-linux-x86_64-fedora-clang 2.0.0 75.01 NOTE
r-devel-linux-x86_64-fedora-gcc 2.0.0 72.07 NOTE
r-devel-windows-x86_64 2.0.0 36.00 98.00 134.00 OK
r-patched-linux-x86_64 2.0.0 3.44 47.31 50.75 OK
r-release-linux-x86_64 2.0.0 3.66 47.16 50.82 OK
r-release-macos-arm64 2.0.0 26.00 NOTE
r-release-macos-x86_64 2.0.0 48.00 NOTE
r-release-windows-x86_64 2.0.0 26.00 105.00 131.00 OK
r-oldrel-macos-arm64 2.0.0 27.00 NOTE
r-oldrel-macos-x86_64 2.0.0 38.00 NOTE
r-oldrel-windows-ix86+x86_64 2.0.0 12.00 80.00 92.00 OK

Check Details

Version: 2.0.0
Check: dependencies in R code
Result: NOTE
    Namespace in Imports field not imported from: ‘lubridate’
     All declared Imports should be used.
Flavors: r-devel-linux-x86_64-fedora-clang, r-devel-linux-x86_64-fedora-gcc, r-release-macos-arm64, r-release-macos-x86_64, r-oldrel-macos-arm64, r-oldrel-macos-x86_64