CRAN Package Check Results for Package tint

Last updated on 2018-05-23 01:46:57 CEST.

Flavor Version Tinstall Tcheck Ttotal Status Flags
r-devel-linux-x86_64-debian-clang 0.1.0 2.18 225.35 227.53 OK
r-devel-linux-x86_64-debian-gcc 0.1.0 1.71 193.46 195.17 OK
r-devel-linux-x86_64-fedora-clang 0.1.0 259.08 NOTE
r-devel-linux-x86_64-fedora-gcc 0.1.0 262.20 NOTE
r-devel-windows-ix86+x86_64 0.1.0 5.00 106.00 111.00 NOTE
r-patched-linux-x86_64 0.1.0 1.94 226.12 228.06 OK
r-patched-solaris-x86 0.1.0 75.70 NOTE
r-release-linux-x86_64 0.1.0 1.91 225.50 227.41 OK
r-release-windows-ix86+x86_64 0.1.0 6.00 114.00 120.00 NOTE
r-release-osx-x86_64 0.1.0 NOTE
r-oldrel-windows-ix86+x86_64 0.1.0 10.00 90.00 100.00 NOTE
r-oldrel-osx-x86_64 0.1.0 NOTE

Check Details

Version: 0.1.0
Check: installed package size
Result: NOTE
     installed size is 5.2Mb
     sub-directories of 1Mb or more:
     doc 3.7Mb
     rmarkdown 1.3Mb
Flavors: r-devel-linux-x86_64-fedora-clang, r-devel-linux-x86_64-fedora-gcc, r-devel-windows-ix86+x86_64, r-patched-solaris-x86, r-release-windows-ix86+x86_64, r-release-osx-x86_64, r-oldrel-windows-ix86+x86_64, r-oldrel-osx-x86_64