CRAN Package Check Results for Package tint

Last updated on 2018-02-23 22:48:21 CET.

Flavor Version Tinstall Tcheck Ttotal Status Flags
r-devel-linux-x86_64-debian-clang 0.0.5 1.86 241.57 243.43 OK
r-devel-linux-x86_64-debian-gcc 0.0.5 1.29 186.35 187.64 OK
r-devel-linux-x86_64-fedora-clang 0.0.5 280.06 NOTE
r-devel-linux-x86_64-fedora-gcc 0.0.5 276.83 NOTE
r-devel-windows-ix86+x86_64 0.0.5 8.00 107.00 115.00 NOTE
r-patched-linux-x86_64 0.0.5 1.23 266.98 268.21 OK
r-patched-solaris-x86 0.0.5 71.50 NOTE
r-release-linux-x86_64 0.0.5 1.45 250.19 251.64 OK
r-release-windows-ix86+x86_64 0.0.5 6.00 111.00 117.00 NOTE
r-release-osx-x86_64 0.0.5 NOTE
r-oldrel-windows-ix86+x86_64 0.0.5 4.00 80.00 84.00 NOTE
r-oldrel-osx-x86_64 0.0.5 NOTE

Check Details

Version: 0.0.5
Check: installed package size
Result: NOTE
     installed size is 5.2Mb
     sub-directories of 1Mb or more:
     doc 3.7Mb
     rmarkdown 1.3Mb
Flavors: r-devel-linux-x86_64-fedora-clang, r-devel-linux-x86_64-fedora-gcc, r-devel-windows-ix86+x86_64, r-patched-solaris-x86, r-release-windows-ix86+x86_64, r-release-osx-x86_64, r-oldrel-windows-ix86+x86_64, r-oldrel-osx-x86_64