CRAN Package Check Results for Package tint

Last updated on 2018-11-20 19:48:04 CET.

Flavor Version Tinstall Tcheck Ttotal Status Flags
r-devel-linux-x86_64-debian-clang 0.1.0 1.85 231.57 233.42 OK
r-devel-linux-x86_64-debian-gcc 0.1.0 1.49 185.23 186.72 OK
r-devel-linux-x86_64-fedora-clang 0.1.0 262.53 NOTE
r-devel-linux-x86_64-fedora-gcc 0.1.0 260.31 OK
r-devel-windows-ix86+x86_64 0.1.0 7.00 109.00 116.00 NOTE
r-patched-linux-x86_64 0.1.0 1.86 229.71 231.57 OK
r-patched-solaris-x86 0.1.0 75.60 NOTE
r-release-linux-x86_64 0.1.0 1.49 230.73 232.22 OK
r-release-windows-ix86+x86_64 0.1.0 4.00 118.00 122.00 NOTE
r-release-osx-x86_64 0.1.0 NOTE
r-oldrel-windows-ix86+x86_64 0.1.0 6.00 118.00 124.00 NOTE
r-oldrel-osx-x86_64 0.1.0 NOTE

Check Details

Version: 0.1.0
Check: installed package size
Result: NOTE
     installed size is 5.2Mb
     sub-directories of 1Mb or more:
     doc 3.7Mb
     rmarkdown 1.3Mb
Flavors: r-devel-linux-x86_64-fedora-clang, r-devel-windows-ix86+x86_64, r-patched-solaris-x86, r-release-windows-ix86+x86_64, r-release-osx-x86_64, r-oldrel-windows-ix86+x86_64, r-oldrel-osx-x86_64