CRAN Package Check Results for Package tinter

Last updated on 2022-11-28 17:53:09 CET.

Flavor Version Tinstall Tcheck Ttotal Status Flags
r-devel-linux-x86_64-debian-clang 0.1.0 2.45 30.80 33.25 NOTE
r-devel-linux-x86_64-debian-gcc 0.1.0 2.46 23.86 26.32 NOTE
r-devel-linux-x86_64-fedora-clang 0.1.0 51.27 NOTE
r-devel-linux-x86_64-fedora-gcc 0.1.0 49.24 NOTE
r-devel-windows-x86_64 0.1.0 13.00 57.00 70.00 NOTE
r-patched-linux-x86_64 0.1.0 3.01 30.11 33.12 NOTE
r-release-linux-x86_64 0.1.0 2.64 28.89 31.53 NOTE
r-release-macos-arm64 0.1.0 19.00 NOTE
r-release-macos-x86_64 0.1.0 24.00 NOTE
r-release-windows-x86_64 0.1.0 19.00 58.00 77.00 NOTE
r-oldrel-macos-arm64 0.1.0 21.00 NOTE
r-oldrel-macos-x86_64 0.1.0 27.00 NOTE
r-oldrel-windows-ix86+x86_64 0.1.0 7.00 53.00 60.00 NOTE

Check Details

Version: 0.1.0
Check: LazyData
Result: NOTE
     'LazyData' is specified without a 'data' directory
Flavors: r-devel-linux-x86_64-debian-clang, r-devel-linux-x86_64-debian-gcc, r-devel-linux-x86_64-fedora-clang, r-devel-linux-x86_64-fedora-gcc, r-devel-windows-x86_64, r-patched-linux-x86_64, r-release-linux-x86_64, r-release-macos-arm64, r-release-macos-x86_64, r-release-windows-x86_64, r-oldrel-macos-arm64, r-oldrel-macos-x86_64, r-oldrel-windows-ix86+x86_64