CRAN Package Check Results for Package tinyspotifyr

Last updated on 2022-12-10 08:53:47 CET.

Flavor Version Tinstall Tcheck Ttotal Status Flags
r-devel-linux-x86_64-debian-clang 0.2.2 4.34 38.88 43.22 NOTE
r-devel-linux-x86_64-debian-gcc 0.2.2 2.72 30.70 33.42 NOTE
r-devel-linux-x86_64-fedora-clang 0.2.2 61.20 NOTE
r-devel-linux-x86_64-fedora-gcc 0.2.2 59.46 NOTE
r-devel-windows-x86_64 0.2.2 96.00 78.00 174.00 NOTE
r-patched-linux-x86_64 0.2.2 4.93 32.47 37.40 NOTE
r-release-linux-x86_64 0.2.2 3.68 31.17 34.85 NOTE
r-release-macos-arm64 0.2.2 21.00 NOTE
r-release-macos-x86_64 0.2.2 25.00 NOTE
r-release-windows-x86_64 0.2.2 57.00 61.00 118.00 NOTE
r-oldrel-macos-arm64 0.2.2 24.00 NOTE
r-oldrel-macos-x86_64 0.2.2 29.00 NOTE
r-oldrel-windows-ix86+x86_64 0.2.2 9.00 56.00 65.00 NOTE

Check Details

Version: 0.2.2
Check: LazyData
Result: NOTE
     'LazyData' is specified without a 'data' directory
Flavors: r-devel-linux-x86_64-debian-clang, r-devel-linux-x86_64-debian-gcc, r-devel-linux-x86_64-fedora-clang, r-devel-linux-x86_64-fedora-gcc, r-devel-windows-x86_64, r-patched-linux-x86_64, r-release-linux-x86_64, r-release-macos-arm64, r-release-macos-x86_64, r-release-windows-x86_64, r-oldrel-macos-arm64, r-oldrel-macos-x86_64, r-oldrel-windows-ix86+x86_64