CRAN Package Check Results for Package tinytex

Last updated on 2021-05-16 09:48:16 CEST.

Flavor Version Tinstall Tcheck Ttotal Status Flags
r-devel-linux-x86_64-debian-clang 0.31 3.04 29.97 33.01 OK
r-devel-linux-x86_64-debian-gcc 0.31 2.13 23.38 25.51 OK
r-devel-linux-x86_64-fedora-clang 0.31 44.71 OK
r-devel-linux-x86_64-fedora-gcc 0.31 35.44 OK
r-devel-windows-ix86+x86_64 0.31 7.00 33.00 40.00 OK
r-devel-windows-x86_64-gcc10-UCRT 0.31 OK
r-patched-linux-x86_64 0.31 3.29 28.54 31.83 OK
r-patched-solaris-x86 0.31 75.30 OK
r-release-linux-x86_64 0.31 2.46 28.34 30.80 OK
r-release-macos-x86_64 0.31 OK
r-release-windows-ix86+x86_64 0.31 5.00 43.00 48.00 OK
r-oldrel-macos-x86_64 0.31 NOTE
r-oldrel-windows-ix86+x86_64 0.31 5.00 36.00 41.00 OK

Check Details

Version: 0.31
Check: dependencies in R code
Result: NOTE
    No protocol specified
    No protocol specified
Flavor: r-oldrel-macos-x86_64