CRAN Package Check Results for Package tinytex

Last updated on 2019-12-06 01:46:50 CET.

Flavor Version Tinstall Tcheck Ttotal Status Flags
r-devel-linux-x86_64-debian-clang 0.17 2.55 25.70 28.25 OK
r-devel-linux-x86_64-debian-gcc 0.17 2.26 21.40 23.66 OK
r-devel-linux-x86_64-fedora-clang 0.17 49.83 OK
r-devel-linux-x86_64-fedora-gcc 0.17 44.85 OK
r-devel-windows-ix86+x86_64 0.17 6.00 53.00 59.00 OK
r-devel-windows-ix86+x86_64-gcc8 0.17 7.00 39.00 46.00 OK
r-patched-linux-x86_64 0.17 2.08 24.63 26.71 OK
r-patched-solaris-x86 0.17 70.70 OK
r-release-linux-x86_64 0.17 2.08 24.29 26.37 OK
r-release-windows-ix86+x86_64 0.17 9.00 37.00 46.00 OK
r-release-osx-x86_64 0.17 NOTE
r-oldrel-windows-ix86+x86_64 0.17 4.00 38.00 42.00 OK
r-oldrel-osx-x86_64 0.17 NOTE

Check Details

Version: 0.17
Check: dependencies in R code
Result: NOTE
    No protocol specified
    No protocol specified
Flavors: r-release-osx-x86_64, r-oldrel-osx-x86_64