Last updated on 2023-09-26 14:05:11 CEST.
Flavor | Version | Tinstall | Tcheck | Ttotal | Status | Flags |
---|---|---|---|---|---|---|
r-devel-linux-x86_64-debian-clang | 1.1.2 | 237.94 | 43.13 | 281.07 | NOTE | |
r-devel-linux-x86_64-debian-gcc | 1.1.2 | 154.94 | 35.18 | 190.12 | NOTE | |
r-devel-linux-x86_64-fedora-clang | 1.1.2 | 485.14 | NOTE | |||
r-devel-linux-x86_64-fedora-gcc | 1.1.2 | 435.68 | NOTE | |||
r-devel-windows-x86_64 | 1.1.2 | 173.00 | 82.00 | 255.00 | NOTE | |
r-patched-linux-x86_64 | 1.1.2 | 216.93 | 46.09 | 263.02 | NOTE | |
r-release-linux-x86_64 | 1.1.2 | 223.94 | 45.72 | 269.66 | NOTE | |
r-release-macos-arm64 | 1.1.2 | 112.00 | NOTE | |||
r-release-macos-x86_64 | 1.1.2 | 168.00 | NOTE | |||
r-release-windows-x86_64 | 1.1.2 | 229.00 | 92.00 | 321.00 | NOTE | |
r-oldrel-macos-arm64 | 1.1.2 | 98.00 | NOTE | |||
r-oldrel-macos-x86_64 | 1.1.2 | 114.00 | NOTE | |||
r-oldrel-windows-x86_64 | 1.1.2 | 221.00 | 89.00 | 310.00 | OK |
Version: 1.1.2
Check: C++ specification
Result: NOTE
Specified C++14: please drop specification unless essential
Flavors: r-devel-linux-x86_64-debian-clang, r-devel-linux-x86_64-debian-gcc, r-devel-linux-x86_64-fedora-clang, r-devel-linux-x86_64-fedora-gcc, r-devel-windows-x86_64, r-patched-linux-x86_64, r-release-linux-x86_64, r-release-macos-arm64, r-release-macos-x86_64, r-release-windows-x86_64
Version: 1.1.2
Check: installed package size
Result: NOTE
installed size is 10.5Mb
sub-directories of 1Mb or more:
libs 10.4Mb
Flavors: r-release-macos-arm64, r-release-macos-x86_64, r-oldrel-macos-arm64, r-oldrel-macos-x86_64