Last updated on 2021-02-26 04:48:14 CET.
Flavor | Version | Tinstall | Tcheck | Ttotal | Status | Flags |
---|---|---|---|---|---|---|
r-devel-linux-x86_64-debian-clang | 3.3 | 30.15 | 265.04 | 295.19 | OK | |
r-devel-linux-x86_64-debian-gcc | 3.3 | 24.65 | 195.46 | 220.11 | OK | |
r-devel-linux-x86_64-fedora-clang | 3.3 | 301.04 | OK | |||
r-devel-linux-x86_64-fedora-gcc | 3.3 | 272.79 | OK | |||
r-devel-windows-ix86+x86_64 | 3.3 | 41.00 | 238.00 | 279.00 | OK | |
r-patched-linux-x86_64 | 3.3 | 23.59 | 241.99 | 265.58 | OK | |
r-patched-solaris-x86 | 3.3 | 398.50 | NOTE | |||
r-release-linux-x86_64 | 3.3 | 21.94 | 246.69 | 268.63 | OK | |
r-release-macos-x86_64 | 3.3 | OK | ||||
r-release-windows-ix86+x86_64 | 3.3 | 63.00 | 298.00 | 361.00 | OK | |
r-oldrel-macos-x86_64 | 3.3 | OK | ||||
r-oldrel-windows-ix86+x86_64 | 3.3 | 33.00 | 247.00 | 280.00 | OK |
Version: 3.3
Check: package dependencies
Result: NOTE
Packages suggested but not available for checking: 'av', 'gifski'
Flavor: r-patched-solaris-x86