Last updated on 2021-04-10 14:48:12 CEST.
Flavor | Version | Tinstall | Tcheck | Ttotal | Status | Flags |
---|---|---|---|---|---|---|
r-devel-linux-x86_64-debian-clang | 0.3 | 24.58 | 26.01 | 50.59 | OK | |
r-devel-linux-x86_64-debian-gcc | 0.3 | 15.21 | 20.76 | 35.97 | OK | |
r-devel-linux-x86_64-fedora-clang | 0.3 | 73.79 | NOTE | |||
r-devel-linux-x86_64-fedora-gcc | 0.3 | 57.56 | NOTE | |||
r-devel-windows-ix86+x86_64 | 0.3 | 44.00 | 58.00 | 102.00 | OK | |
r-devel-windows-x86_64-gcc10-UCRT | 0.3 | OK | ||||
r-patched-linux-x86_64 | 0.3 | 17.66 | 25.44 | 43.10 | OK | |
r-patched-solaris-x86 | 0.3 | 73.10 | OK | |||
r-release-linux-x86_64 | 0.3 | 17.06 | 25.23 | 42.29 | OK | |
r-release-macos-x86_64 | 0.3 | NOTE | ||||
r-release-windows-ix86+x86_64 | 0.3 | 48.00 | 68.00 | 116.00 | OK | |
r-oldrel-macos-x86_64 | 0.3 | NOTE | ||||
r-oldrel-windows-ix86+x86_64 | 0.3 | 53.00 | 54.00 | 107.00 | OK |
Version: 0.3
Check: compiled code
Result: NOTE
File ‘tmg/libs/tmg.so’:
Found no calls to: ‘R_registerRoutines’, ‘R_useDynamicSymbols’
It is good practice to register native routines and to disable symbol
search.
See ‘Writing portable packages’ in the ‘Writing R Extensions’ manual.
Flavors: r-devel-linux-x86_64-fedora-clang, r-devel-linux-x86_64-fedora-gcc
Version: 0.3
Check: installed package size
Result: NOTE
installed size is 5.1Mb
sub-directories of 1Mb or more:
libs 4.8Mb
Flavors: r-release-macos-x86_64, r-oldrel-macos-x86_64