CRAN Package Check Results for Package tmlenet

Last updated on 2018-02-20 01:47:50 CET.

Flavor Version Tinstall Tcheck Ttotal Status Flags
r-devel-linux-x86_64-debian-clang 0.1.0 19.49 111.73 131.22 NOTE
r-devel-linux-x86_64-debian-gcc 0.1.0 15.05 94.50 109.55 NOTE
r-devel-linux-x86_64-fedora-clang 0.1.0 171.59 NOTE
r-devel-linux-x86_64-fedora-gcc 0.1.0 166.66 NOTE
r-devel-windows-ix86+x86_64 0.1.0 38.00 214.00 252.00 OK
r-patched-linux-x86_64 0.1.0 12.52 126.44 138.96 NOTE
r-patched-solaris-x86 0.1.0 248.20 OK
r-release-linux-x86_64 0.1.0 10.33 126.74 137.07 NOTE
r-release-windows-ix86+x86_64 0.1.0 43.00 302.00 345.00 OK
r-release-osx-x86_64 0.1.0 OK
r-oldrel-windows-ix86+x86_64 0.1.0 34.00 275.00 309.00 OK
r-oldrel-osx-x86_64 0.1.0 OK

Check Details

Version: 0.1.0
Check: compiled code
Result: NOTE
    File ‘tmlenet/libs/tmlenet.so’:
     Found no calls to: ‘R_registerRoutines’, ‘R_useDynamicSymbols’
    
    It is good practice to register native routines and to disable symbol
    search.
    
    See ‘Writing portable packages’ in the ‘Writing R Extensions’ manual.
Flavors: r-devel-linux-x86_64-debian-clang, r-devel-linux-x86_64-debian-gcc, r-devel-linux-x86_64-fedora-clang, r-devel-linux-x86_64-fedora-gcc, r-patched-linux-x86_64, r-release-linux-x86_64