CRAN Package Check Results for Package tmlenet

Last updated on 2018-05-27 20:49:59 CEST.

Flavor Version Tinstall Tcheck Ttotal Status Flags
r-devel-linux-x86_64-debian-clang 0.1.0 23.00 130.06 153.06 WARN
r-devel-linux-x86_64-debian-gcc 0.1.0 17.44 95.25 112.69 WARN
r-devel-linux-x86_64-fedora-clang 0.1.0 177.70 NOTE
r-devel-linux-x86_64-fedora-gcc 0.1.0 167.69 NOTE
r-devel-windows-ix86+x86_64 0.1.0 37.00 232.00 269.00 OK
r-patched-linux-x86_64 0.1.0 21.78 111.79 133.57 NOTE
r-patched-solaris-x86 0.1.0 282.70 OK
r-release-linux-x86_64 0.1.0 18.79 112.10 130.89 NOTE
r-release-windows-ix86+x86_64 0.1.0 50.00 282.00 332.00 OK
r-release-osx-x86_64 0.1.0 OK
r-oldrel-windows-ix86+x86_64 0.1.0 35.00 222.00 257.00 OK
r-oldrel-osx-x86_64 0.1.0 OK

Check Details

Version: 0.1.0
Check: compiled code
Result: NOTE
    File ‘tmlenet/libs/tmlenet.so’:
     Found no calls to: ‘R_registerRoutines’, ‘R_useDynamicSymbols’
    
    It is good practice to register native routines and to disable symbol
    search.
    
    See ‘Writing portable packages’ in the ‘Writing R Extensions’ manual.
Flavors: r-devel-linux-x86_64-debian-clang, r-devel-linux-x86_64-debian-gcc, r-devel-linux-x86_64-fedora-clang, r-devel-linux-x86_64-fedora-gcc, r-patched-linux-x86_64, r-release-linux-x86_64

Version: 0.1.0
Check: for unstated dependencies in ‘tests’
Result: WARN
    '::' or ':::' import not declared from: ‘devtools’
    'library' or 'require' calls not declared from:
     ‘devtools’ ‘roxygen2’
Flavors: r-devel-linux-x86_64-debian-clang, r-devel-linux-x86_64-debian-gcc