CRAN Package Check Results for Package tmuxr

Last updated on 2018-02-26 03:49:22 CET.

Flavor Version Tinstall Tcheck Ttotal Status Flags
r-devel-linux-x86_64-debian-clang 0.1.0 1.02 16.25 17.27 OK
r-devel-linux-x86_64-debian-gcc 0.1.0 1.05 14.56 15.61 OK
r-devel-linux-x86_64-fedora-clang 0.1.0 23.24 OK
r-devel-linux-x86_64-fedora-gcc 0.1.0 22.29 OK
r-patched-linux-x86_64 0.1.0 0.76 17.86 18.62 OK
r-release-linux-x86_64 0.1.0 0.70 17.91 18.61 OK
r-release-osx-x86_64 0.1.0 ERROR
r-oldrel-osx-x86_64 0.1.0 ERROR

Check Details

Version: 0.1.0
Check: tests
Result: ERROR
     Running ‘testthat.R’ [1s/1s]
    Running the tests in ‘tests/testthat.R’ failed.
    Last 13 lines of output:
     tmux not found
     1: stop("tmux not found") at testthat/test-server.R:3
    
     ── 3. Error: (unknown) (@test-session.R#3) ────────────────────────────────────
     tmux not found
     1: stop("tmux not found") at testthat/test-session.R:3
    
     ══ testthat results ═══════════════════════════════════════════════════════════
     OK: 0 SKIPPED: 0 FAILED: 3
     1. Error: (unknown) (@test-pipe.R#3)
     2. Error: (unknown) (@test-server.R#3)
     3. Error: (unknown) (@test-session.R#3)
    
     Error: testthat unit tests failed
     Execution halted
Flavor: r-release-osx-x86_64

Version: 0.1.0
Check: tests
Result: ERROR
    Running the tests in ‘tests/testthat.R’ failed.
    Last 13 lines of output:
    
     ── 3. Error: (unknown) (@test-session.R#3) ────────────────────────────────────
     tmux not found
     1: stop("tmux not found") at testthat/test-session.R:3
    
     ══ testthat results ═══════════════════════════════════════════════════════════
     OK: 0 SKIPPED: 0 FAILED: 3
     1. Error: (unknown) (@test-pipe.R#3)
     2. Error: (unknown) (@test-server.R#3)
     3. Error: (unknown) (@test-session.R#3)
    
     Error: testthat unit tests failed
     Execution halted
Flavor: r-oldrel-osx-x86_64