CRAN Package Check Results for Package tmuxr

Last updated on 2021-05-08 05:57:25 CEST.

Flavor Version Tinstall Tcheck Ttotal Status Flags
r-devel-linux-x86_64-debian-clang 0.2.4 3.29 36.77 40.06 NOTE
r-devel-linux-x86_64-debian-gcc 0.2.4 2.41 29.95 32.36 NOTE
r-devel-linux-x86_64-fedora-clang 0.2.4 57.78 NOTE
r-devel-linux-x86_64-fedora-gcc 0.2.4 45.73 NOTE
r-devel-windows-x86_64-gcc10-UCRT 0.2.4 NOTE
r-patched-linux-x86_64 0.2.4 3.59 35.94 39.53 NOTE
r-release-linux-x86_64 0.2.4 3.18 36.15 39.33 OK
r-release-macos-x86_64 0.2.4 OK
r-oldrel-macos-x86_64 0.2.4 OK

Check Details

Version: 0.2.4
Check: LazyData
Result: NOTE
     'LazyData' is specified without a 'data' directory
Flavors: r-devel-linux-x86_64-debian-clang, r-devel-linux-x86_64-debian-gcc, r-devel-linux-x86_64-fedora-clang, r-devel-linux-x86_64-fedora-gcc, r-devel-windows-x86_64-gcc10-UCRT, r-patched-linux-x86_64