Last updated on 2023-12-08 10:54:49 CET.
Flavor | Version | Tinstall | Tcheck | Ttotal | Status | Flags |
---|---|---|---|---|---|---|
r-devel-linux-x86_64-debian-clang | 1.1.1 | 3.01 | 27.09 | 30.10 | NOTE | |
r-devel-linux-x86_64-debian-gcc | 1.1.1 | 2.24 | 21.21 | 23.45 | NOTE | |
r-devel-linux-x86_64-fedora-clang | 1.1.1 | 37.90 | NOTE | |||
r-devel-linux-x86_64-fedora-gcc | 1.1.1 | 35.57 | NOTE | |||
r-devel-windows-x86_64 | 1.1.1 | 3.00 | 45.00 | 48.00 | NOTE | |
r-patched-linux-x86_64 | 1.1.1 | 3.32 | 26.04 | 29.36 | NOTE | |
r-release-linux-x86_64 | 1.1.1 | 3.02 | 25.72 | 28.74 | NOTE | |
r-release-macos-arm64 | 1.1.1 | 16.00 | NOTE | |||
r-release-macos-x86_64 | 1.1.1 | 22.00 | NOTE | |||
r-release-windows-x86_64 | 1.1.1 | 3.00 | 44.00 | 47.00 | NOTE | |
r-oldrel-macos-arm64 | 1.1.1 | 15.00 | NOTE | |||
r-oldrel-macos-x86_64 | 1.1.1 | 21.00 | NOTE | |||
r-oldrel-windows-x86_64 | 1.1.1 | 4.00 | 44.00 | 48.00 | NOTE |
Version: 1.1.1
Check: LazyData
Result: NOTE
'LazyData' is specified without a 'data' directory
Flavors: r-devel-linux-x86_64-debian-clang, r-devel-linux-x86_64-debian-gcc, r-devel-linux-x86_64-fedora-clang, r-devel-linux-x86_64-fedora-gcc, r-devel-windows-x86_64, r-patched-linux-x86_64, r-release-linux-x86_64, r-release-macos-arm64, r-release-macos-x86_64, r-release-windows-x86_64, r-oldrel-macos-arm64, r-oldrel-macos-x86_64, r-oldrel-windows-x86_64