CRAN Package Check Results for Package tmvtnsim

Last updated on 2024-02-26 04:49:42 CET.

Flavor Version Tinstall Tcheck Ttotal Status Flags
r-devel-linux-x86_64-debian-clang 0.1.3 51.26 29.63 80.89 NOTE
r-devel-linux-x86_64-debian-gcc 0.1.3 37.68 23.49 61.17 NOTE
r-devel-linux-x86_64-fedora-clang 0.1.3 119.25 NOTE
r-devel-linux-x86_64-fedora-gcc 0.1.3 120.33 NOTE
r-devel-windows-x86_64 0.1.3 40.00 67.00 107.00 NOTE
r-patched-linux-x86_64 0.1.3 54.81 29.58 84.39 NOTE
r-release-linux-x86_64 0.1.3 57.08 30.23 87.31 NOTE
r-release-macos-arm64 0.1.3 32.00 NOTE
r-release-macos-x86_64 0.1.3 55.00 NOTE
r-release-windows-x86_64 0.1.3 52.00 71.00 123.00 NOTE
r-oldrel-macos-arm64 0.1.3 31.00 OK
r-oldrel-windows-x86_64 0.1.3 49.00 74.00 123.00 OK

Check Details

Version: 0.1.3
Check: C++ specification
Result: NOTE Specified C++11: please drop specification unless essential Flavors: r-devel-linux-x86_64-debian-clang, r-devel-linux-x86_64-debian-gcc, r-devel-linux-x86_64-fedora-clang, r-devel-linux-x86_64-fedora-gcc, r-devel-windows-x86_64, r-patched-linux-x86_64, r-release-linux-x86_64, r-release-macos-arm64, r-release-macos-x86_64, r-release-windows-x86_64