CRAN Package Check Results for Package togglr

Last updated on 2022-08-17 01:52:23 CEST.

Flavor Version Tinstall Tcheck Ttotal Status Flags
r-devel-linux-x86_64-debian-clang 0.1.99 6.89 63.70 70.59 OK
r-devel-linux-x86_64-debian-gcc 0.1.99 5.40 47.88 53.28 OK
r-devel-linux-x86_64-fedora-clang 0.1.99 95.48 NOTE
r-devel-linux-x86_64-fedora-gcc 0.1.99 97.32 NOTE
r-devel-windows-x86_64 0.1.99 27.00 93.00 120.00 OK
r-patched-linux-x86_64 0.1.99 6.04 59.51 65.55 OK
r-release-linux-x86_64 0.1.99 5.98 58.81 64.79 OK
r-release-macos-arm64 0.1.99 29.00 NOTE
r-release-macos-x86_64 0.1.99 41.00 NOTE
r-release-windows-x86_64 0.1.99 26.00 99.00 125.00 OK
r-oldrel-macos-arm64 0.1.99 27.00 NOTE
r-oldrel-macos-x86_64 0.1.99 42.00 NOTE
r-oldrel-windows-ix86+x86_64 0.1.99 18.00 84.00 102.00 OK

Check Details

Version: 0.1.99
Check: dependencies in R code
Result: NOTE
    Namespace in Imports field not imported from: ‘memoise’
     All declared Imports should be used.
Flavors: r-devel-linux-x86_64-fedora-clang, r-devel-linux-x86_64-fedora-gcc, r-release-macos-arm64, r-release-macos-x86_64, r-oldrel-macos-arm64, r-oldrel-macos-x86_64