Last updated on 2022-05-27 06:51:37 CEST.
Flavor | Version | Tinstall | Tcheck | Ttotal | Status | Flags |
---|---|---|---|---|---|---|
r-devel-linux-x86_64-debian-clang | 0.1.0 | 118.00 | 38.45 | 156.45 | OK | |
r-devel-linux-x86_64-debian-gcc | 0.1.0 | 99.51 | 30.77 | 130.28 | OK | |
r-devel-linux-x86_64-fedora-clang | 0.1.0 | 241.89 | OK | |||
r-devel-linux-x86_64-fedora-gcc | 0.1.0 | 207.36 | OK | |||
r-devel-windows-x86_64 | 0.1.0 | 105.00 | 77.00 | 182.00 | OK | |
r-patched-linux-x86_64 | 0.1.0 | 102.86 | 37.74 | 140.60 | OK | |
r-release-linux-x86_64 | 0.1.0 | 101.19 | 38.06 | 139.25 | OK | |
r-release-macos-arm64 | 0.1.0 | 52.00 | NOTE | |||
r-release-macos-x86_64 | 0.1.0 | 73.00 | NOTE | |||
r-release-windows-x86_64 | 0.1.0 | 133.00 | 81.00 | 214.00 | OK | |
r-oldrel-macos-arm64 | 0.1.0 | 56.00 | NOTE | |||
r-oldrel-macos-x86_64 | 0.1.0 | 101.00 | NOTE | |||
r-oldrel-windows-ix86+x86_64 | 0.1.0 | 278.00 | 84.00 | 362.00 | OK |
Version: 0.1.0
Check: installed package size
Result: NOTE
installed size is 6.2Mb
sub-directories of 1Mb or more:
libs 5.2Mb
Flavors: r-release-macos-arm64, r-release-macos-x86_64, r-oldrel-macos-arm64, r-oldrel-macos-x86_64