CRAN Package Check Results for Package tokenizers

Last updated on 2017-03-27 05:48:21.

Flavor Version Tinstall Tcheck Ttotal Status Flags
r-devel-linux-x86_64-debian-clang 0.1.4 12.29 18.67 30.96 NOTE
r-devel-linux-x86_64-debian-gcc 0.1.4 11.32 18.34 29.66 NOTE
r-devel-linux-x86_64-fedora-clang 0.1.4 60.51 NOTE --no-stop-on-test-error
r-devel-linux-x86_64-fedora-gcc 0.1.4 56.38 NOTE --no-stop-on-test-error
r-devel-macos-x86_64-clang 0.1.4 44.85 NOTE --no-stop-on-test-error
r-patched-linux-x86_64 0.1.4 9.34 18.05 27.38 NOTE
r-patched-solaris-sparc 0.1.4 324.10 OK
r-patched-solaris-x86 0.1.4 73.20 OK
r-release-linux-x86_64 0.1.4 10.79 14.65 25.44 OK
r-release-osx-x86_64-mavericks 0.1.4 OK
r-release-windows-ix86+x86_64 0.1.4 64.00 62.00 126.00 OK
r-oldrel-windows-ix86+x86_64 0.1.4 51.00 48.00 99.00 OK

Check Details

Version: 0.1.4
Check: compiled code
Result: NOTE
    File ‘tokenizers/libs/tokenizers.so’:
     Found no calls to: ‘R_registerRoutines’, ‘R_useDynamicSymbols’
    
    It is good practice to register native routines and to disable symbol
    search.
    
    See ‘Writing portable packages’ in the ‘Writing R Extensions’ manual.
Flavors: r-devel-linux-x86_64-debian-clang, r-devel-linux-x86_64-debian-gcc, r-patched-linux-x86_64

Version: 0.1.4
Flags: --no-stop-on-test-error
Check: compiled code
Result: NOTE
    File ‘tokenizers/libs/tokenizers.so’:
     Found no calls to: ‘R_registerRoutines’, ‘R_useDynamicSymbols’
    
    It is good practice to register native routines and to disable symbol
    search.
    
    See ‘Writing portable packages’ in the ‘Writing R Extensions’ manual.
Flavors: r-devel-linux-x86_64-fedora-clang, r-devel-linux-x86_64-fedora-gcc, r-devel-macos-x86_64-clang