CRAN Package Check Results for Package tokenizers

Last updated on 2017-10-19 21:51:59.

Flavor Version Tinstall Tcheck Ttotal Status Flags
r-devel-linux-x86_64-debian-clang 0.1.4 14.46 18.28 32.74 NOTE
r-devel-linux-x86_64-debian-gcc 0.1.4 14.72 20.18 34.89 NOTE
r-devel-linux-x86_64-fedora-clang 0.1.4 66.06 NOTE
r-devel-linux-x86_64-fedora-gcc 0.1.4 61.88 NOTE
r-devel-windows-ix86+x86_64 0.1.4 50.00 57.00 107.00 OK
r-patched-linux-x86_64 0.1.4 15.11 18.18 33.30 NOTE
r-patched-solaris-x86 0.1.4 74.50 OK
r-release-linux-x86_64 0.1.4 15.09 19.30 34.39 NOTE
r-release-windows-ix86+x86_64 0.1.4 71.00 54.00 125.00 OK
r-release-osx-x86_64 0.1.4 OK
r-oldrel-windows-ix86+x86_64 0.1.4 49.00 66.00 115.00 OK
r-oldrel-osx-x86_64 0.1.4 OK

Check Details

Version: 0.1.4
Check: compiled code
Result: NOTE
    File ‘tokenizers/libs/tokenizers.so’:
     Found no calls to: ‘R_registerRoutines’, ‘R_useDynamicSymbols’
    
    It is good practice to register native routines and to disable symbol
    search.
    
    See ‘Writing portable packages’ in the ‘Writing R Extensions’ manual.
Flavors: r-devel-linux-x86_64-debian-clang, r-devel-linux-x86_64-debian-gcc, r-devel-linux-x86_64-fedora-clang, r-devel-linux-x86_64-fedora-gcc, r-patched-linux-x86_64, r-release-linux-x86_64