CRAN Package Check Results for Package tokenizers

Last updated on 2017-08-20 10:46:48.

Flavor Version Tinstall Tcheck Ttotal Status Flags
r-devel-linux-x86_64-debian-clang 0.1.4 14.48 19.63 34.11 NOTE
r-devel-linux-x86_64-debian-gcc 0.1.4 15.55 18.47 34.03 NOTE
r-devel-linux-x86_64-fedora-clang 0.1.4 66.12 NOTE
r-devel-linux-x86_64-fedora-gcc 0.1.4 59.69 NOTE
r-devel-windows-ix86+x86_64 0.1.4 49.00 50.00 99.00 OK
r-patched-linux-x86_64 0.1.4 15.00 18.37 33.37 NOTE
r-patched-solaris-x86 0.1.4 75.80 OK
r-release-linux-x86_64 0.1.4 14.93 18.77 33.70 NOTE
r-release-windows-ix86+x86_64 0.1.4 71.00 55.00 126.00 OK
r-release-osx-x86_64 0.1.4 OK
r-oldrel-windows-ix86+x86_64 0.1.4 46.00 70.00 116.00 OK
r-oldrel-osx-x86_64 0.1.4 OK

Check Details

Version: 0.1.4
Check: compiled code
Result: NOTE
    File ‘tokenizers/libs/tokenizers.so’:
     Found no calls to: ‘R_registerRoutines’, ‘R_useDynamicSymbols’
    
    It is good practice to register native routines and to disable symbol
    search.
    
    See ‘Writing portable packages’ in the ‘Writing R Extensions’ manual.
Flavors: r-devel-linux-x86_64-debian-clang, r-devel-linux-x86_64-debian-gcc, r-devel-linux-x86_64-fedora-clang, r-devel-linux-x86_64-fedora-gcc, r-patched-linux-x86_64, r-release-linux-x86_64