CRAN Package Check Results for Package tokenizers

Last updated on 2017-04-29 23:50:53.

Flavor Version Tinstall Tcheck Ttotal Status Flags
r-devel-linux-x86_64-debian-clang 0.1.4 14.15 18.28 32.43 NOTE
r-devel-linux-x86_64-debian-gcc 0.1.4 13.06 18.39 31.45 NOTE
r-devel-linux-x86_64-fedora-clang 0.1.4 63.94 NOTE --no-stop-on-test-error
r-devel-linux-x86_64-fedora-gcc 0.1.4 56.69 NOTE --no-stop-on-test-error
r-devel-windows-ix86+x86_64 0.1.4 78.00 72.00 150.00 OK
r-patched-linux-x86_64 0.1.4 10.97 18.58 29.55 NOTE
r-patched-solaris-sparc 0.1.4 324.10 OK
r-patched-solaris-x86 0.1.4 68.60 OK
r-release-linux-x86_64 0.1.4 10.85 17.85 28.70 NOTE
r-release-windows-ix86+x86_64 0.1.4 76.00 75.00 151.00 OK
r-release-osx-x86_64 0.1.4 OK
r-oldrel-windows-ix86+x86_64 0.1.4 71.00 63.00 134.00 OK
r-oldrel-osx-x86_64 0.1.4 OK

Check Details

Version: 0.1.4
Check: compiled code
Result: NOTE
    File ‘tokenizers/libs/tokenizers.so’:
     Found no calls to: ‘R_registerRoutines’, ‘R_useDynamicSymbols’
    
    It is good practice to register native routines and to disable symbol
    search.
    
    See ‘Writing portable packages’ in the ‘Writing R Extensions’ manual.
Flavors: r-devel-linux-x86_64-debian-clang, r-devel-linux-x86_64-debian-gcc, r-patched-linux-x86_64, r-release-linux-x86_64

Version: 0.1.4
Flags: --no-stop-on-test-error
Check: compiled code
Result: NOTE
    File ‘tokenizers/libs/tokenizers.so’:
     Found no calls to: ‘R_registerRoutines’, ‘R_useDynamicSymbols’
    
    It is good practice to register native routines and to disable symbol
    search.
    
    See ‘Writing portable packages’ in the ‘Writing R Extensions’ manual.
Flavors: r-devel-linux-x86_64-fedora-clang, r-devel-linux-x86_64-fedora-gcc