CRAN Package Check Results for Package tokenizers

Last updated on 2017-12-17 22:49:17 CET.

Flavor Version Tinstall Tcheck Ttotal Status Flags
r-devel-linux-x86_64-debian-clang 0.1.4 18.14 28.05 46.19 NOTE
r-devel-linux-x86_64-debian-gcc NOTE
r-devel-linux-x86_64-fedora-clang 0.1.4 64.46 NOTE
r-devel-linux-x86_64-fedora-gcc 0.1.4 61.89 NOTE
r-devel-windows-ix86+x86_64 0.1.4 52.00 59.00 111.00 OK
r-patched-linux-x86_64 0.1.4 19.95 27.32 47.27 NOTE
r-patched-solaris-x86 0.1.4 72.20 OK
r-release-linux-x86_64 0.1.4 19.36 27.53 46.89 NOTE
r-release-windows-ix86+x86_64 0.1.4 52.00 56.00 108.00 OK
r-release-osx-x86_64 0.1.4 OK
r-oldrel-windows-ix86+x86_64 0.1.4 68.00 73.00 141.00 OK
r-oldrel-osx-x86_64 0.1.4 OK

Check Details

Version: 0.1.4
Check: compiled code
Result: NOTE
    File ‘tokenizers/libs/tokenizers.so’:
     Found no calls to: ‘R_registerRoutines’, ‘R_useDynamicSymbols’
    
    It is good practice to register native routines and to disable symbol
    search.
    
    See ‘Writing portable packages’ in the ‘Writing R Extensions’ manual.
Flavors: r-devel-linux-x86_64-debian-clang, r-devel-linux-x86_64-debian-gcc, r-devel-linux-x86_64-fedora-clang, r-devel-linux-x86_64-fedora-gcc, r-patched-linux-x86_64, r-release-linux-x86_64