CRAN Package Check Results for Package tokenizers

Last updated on 2018-05-22 02:47:04 CEST.

Flavor Version Tinstall Tcheck Ttotal Status Flags
r-devel-linux-x86_64-debian-clang 0.2.1 20.80 31.08 51.88 OK
r-devel-linux-x86_64-debian-gcc 0.2.1 17.23 27.10 44.33 OK
r-devel-linux-x86_64-fedora-clang 0.2.1 75.44 NOTE
r-devel-linux-x86_64-fedora-gcc 0.2.1 68.69 NOTE
r-devel-windows-ix86+x86_64 0.2.1 58.00 97.00 155.00 OK
r-patched-linux-x86_64 0.2.1 21.84 32.34 54.18 OK
r-patched-solaris-x86 0.2.1 90.50 NOTE
r-release-linux-x86_64 0.2.1 22.33 31.82 54.15 OK
r-release-windows-ix86+x86_64 0.2.1 54.00 82.00 136.00 OK
r-release-osx-x86_64 0.2.1 NOTE
r-oldrel-windows-ix86+x86_64 0.2.1 55.00 92.00 147.00 OK
r-oldrel-osx-x86_64 0.2.1 NOTE

Check Details

Version: 0.2.1
Check: data for non-ASCII characters
Result: NOTE
     Note: found 1 marked UTF-8 string
Flavors: r-devel-linux-x86_64-fedora-clang, r-devel-linux-x86_64-fedora-gcc, r-patched-solaris-x86, r-release-osx-x86_64, r-oldrel-osx-x86_64