CRAN Package Check Results for Package tokenizers

Last updated on 2017-06-27 00:46:53.

Flavor Version Tinstall Tcheck Ttotal Status Flags
r-devel-linux-x86_64-debian-clang 0.1.4 14.41 18.58 32.99 NOTE
r-devel-linux-x86_64-debian-gcc 0.1.4 15.11 18.18 33.29 NOTE
r-devel-linux-x86_64-fedora-clang 0.1.4 65.36 NOTE
r-devel-linux-x86_64-fedora-gcc 0.1.4 62.86 NOTE
r-devel-windows-ix86+x86_64 0.1.4 71.00 63.00 134.00 OK
r-patched-linux-x86_64 0.1.4 15.27 18.25 33.53 NOTE
r-patched-solaris-sparc 0.1.4 324.10 OK
r-patched-solaris-x86 0.1.4 71.80 OK
r-release-linux-x86_64 0.1.4 15.11 18.32 33.43 NOTE
r-release-windows-ix86+x86_64 0.1.4 72.00 78.00 150.00 OK
r-release-osx-x86_64 0.1.4 OK
r-oldrel-windows-ix86+x86_64 0.1.4 72.00 71.00 143.00 OK
r-oldrel-osx-x86_64 0.1.4 OK

Check Details

Version: 0.1.4
Check: compiled code
Result: NOTE
    File ‘tokenizers/libs/tokenizers.so’:
     Found no calls to: ‘R_registerRoutines’, ‘R_useDynamicSymbols’
    
    It is good practice to register native routines and to disable symbol
    search.
    
    See ‘Writing portable packages’ in the ‘Writing R Extensions’ manual.
Flavors: r-devel-linux-x86_64-debian-clang, r-devel-linux-x86_64-debian-gcc, r-devel-linux-x86_64-fedora-clang, r-devel-linux-x86_64-fedora-gcc, r-patched-linux-x86_64, r-release-linux-x86_64