Last updated on 2021-02-26 06:48:23 CET.
Flavor | Version | Tinstall | Tcheck | Ttotal | Status | Flags |
---|---|---|---|---|---|---|
r-devel-linux-x86_64-debian-clang | 0.3 | 8.63 | 127.26 | 135.89 | OK | |
r-devel-linux-x86_64-debian-gcc | 0.3 | 6.08 | 90.93 | 97.01 | OK | |
r-devel-linux-x86_64-fedora-clang | 0.3 | 174.82 | NOTE | |||
r-devel-linux-x86_64-fedora-gcc | 0.3 | 154.16 | NOTE | |||
r-devel-windows-ix86+x86_64 | 0.3 | 15.00 | 119.00 | 134.00 | OK | |
r-patched-linux-x86_64 | 0.3 | 7.72 | 118.50 | 126.22 | OK | |
r-patched-solaris-x86 | 0.3 | 213.60 | NOTE | |||
r-release-linux-x86_64 | 0.3 | 8.48 | 117.25 | 125.73 | OK | |
r-release-macos-x86_64 | 0.3 | NOTE | ||||
r-release-windows-ix86+x86_64 | 0.3 | 20.00 | 169.00 | 189.00 | OK | |
r-oldrel-macos-x86_64 | 0.3 | NOTE | ||||
r-oldrel-windows-ix86+x86_64 | 0.3 | 10.00 | 140.00 | 150.00 | OK |
Version: 0.3
Check: dependencies in R code
Result: NOTE
Namespaces in Imports field not imported from:
‘geojsonsf’ ‘lwgeom’
All declared Imports should be used.
Flavors: r-devel-linux-x86_64-fedora-clang, r-devel-linux-x86_64-fedora-gcc, r-patched-solaris-x86, r-release-macos-x86_64, r-oldrel-macos-x86_64
Version: 0.3
Check: data for non-ASCII characters
Result: NOTE
Note: found 160 marked UTF-8 strings
Flavors: r-devel-linux-x86_64-fedora-clang, r-devel-linux-x86_64-fedora-gcc, r-patched-solaris-x86, r-release-macos-x86_64, r-oldrel-macos-x86_64