CRAN Package Check Results for Package toolStability

Last updated on 2024-02-28 22:59:35 CET.

Flavor Version Tinstall Tcheck Ttotal Status Flags
r-devel-linux-x86_64-debian-clang 0.1.2 5.40 69.69 75.09 NOTE
r-devel-linux-x86_64-debian-gcc 0.1.2 5.27 53.43 58.70 NOTE
r-devel-linux-x86_64-fedora-clang 0.1.2 93.13 NOTE
r-devel-linux-x86_64-fedora-gcc 0.1.2 103.00 NOTE
r-devel-windows-x86_64 0.1.2 7.00 83.00 90.00 OK
r-patched-linux-x86_64 0.1.2 6.78 67.76 74.54 OK
r-release-linux-x86_64 0.1.2 6.06 67.98 74.04 OK
r-release-macos-arm64 0.1.2 40.00 OK
r-release-macos-x86_64 0.1.2 59.00 OK
r-release-windows-x86_64 0.1.2 9.00 91.00 100.00 OK
r-oldrel-macos-arm64 0.1.2 32.00 OK
r-oldrel-windows-x86_64 0.1.2 9.00 94.00 103.00 OK

Check Details

Version: 0.1.2
Check: Rd files
Result: NOTE checkRd: (-1) Data.Rd:10: Lost braces in \itemize; meant \describe ? checkRd: (-1) Data.Rd:11: Lost braces in \itemize; meant \describe ? checkRd: (-1) Data.Rd:12: Lost braces in \itemize; meant \describe ? checkRd: (-1) Data.Rd:13: Lost braces in \itemize; meant \describe ? checkRd: (-1) Data.Rd:14: Lost braces in \itemize; meant \describe ? checkRd: (-1) Data.Rd:15: Lost braces in \itemize; meant \describe ? checkRd: (-1) Data.Rd:16: Lost braces in \itemize; meant \describe ? checkRd: (-1) Data.Rd:17: Lost braces in \itemize; meant \describe ? Flavors: r-devel-linux-x86_64-debian-clang, r-devel-linux-x86_64-debian-gcc, r-devel-linux-x86_64-fedora-clang, r-devel-linux-x86_64-fedora-gcc