CRAN Package Check Results for Package tor

Last updated on 2021-05-08 11:50:43 CEST.

Flavor Version Tinstall Tcheck Ttotal Status Flags
r-devel-linux-x86_64-debian-clang 1.1.2 2.06 28.43 30.49 NOTE
r-devel-linux-x86_64-debian-gcc 1.1.2 1.69 22.01 23.70 NOTE
r-devel-linux-x86_64-fedora-clang 1.1.2 47.35 NOTE
r-devel-linux-x86_64-fedora-gcc 1.1.2 36.17 NOTE
r-devel-windows-ix86+x86_64 1.1.2 12.00 44.00 56.00 NOTE
r-devel-windows-x86_64-gcc10-UCRT 1.1.2 NOTE
r-patched-linux-x86_64 1.1.2 2.08 27.60 29.68 NOTE
r-patched-solaris-x86 1.1.2 58.10 OK
r-release-linux-x86_64 1.1.2 1.72 27.25 28.97 OK
r-release-macos-x86_64 1.1.2 OK
r-release-windows-ix86+x86_64 1.1.2 5.00 34.00 39.00 OK
r-oldrel-macos-x86_64 1.1.2 OK
r-oldrel-windows-ix86+x86_64 1.1.2 4.00 43.00 47.00 OK

Check Details

Version: 1.1.2
Check: LazyData
Result: NOTE
     'LazyData' is specified without a 'data' directory
Flavors: r-devel-linux-x86_64-debian-clang, r-devel-linux-x86_64-debian-gcc, r-devel-linux-x86_64-fedora-clang, r-devel-linux-x86_64-fedora-gcc, r-devel-windows-ix86+x86_64, r-devel-windows-x86_64-gcc10-UCRT, r-patched-linux-x86_64