CRAN Package Check Results for Package torchaudio

Last updated on 2021-05-09 18:47:02 CEST.

Flavor Version Tinstall Tcheck Ttotal Status Flags
r-devel-linux-x86_64-debian-clang 0.2.0 36.69 55.40 92.09 OK
r-devel-linux-x86_64-debian-gcc 0.2.0 23.16 43.45 66.61 OK
r-devel-linux-x86_64-fedora-clang 0.2.0 130.27 NOTE
r-devel-linux-x86_64-fedora-gcc 0.2.0 116.67 NOTE
r-devel-windows-ix86+x86_64 0.2.0 86.00 104.00 190.00 OK
r-devel-windows-x86_64-gcc10-UCRT 0.2.0 NOTE
r-patched-linux-x86_64 0.2.0 30.14 54.57 84.71 OK
r-patched-solaris-x86 0.2.0 127.10 NOTE
r-release-linux-x86_64 0.2.0 30.85 52.72 83.57 OK
r-release-macos-x86_64 0.2.0 NOTE
r-release-windows-ix86+x86_64 0.1.1.0 63.00 77.00 140.00 NOTE
r-oldrel-macos-x86_64 0.2.0 NOTE
r-oldrel-windows-ix86+x86_64 0.1.1.0 13.00 64.00 77.00 NOTE

Check Details

Version: 0.2.0
Check: dependencies in R code
Result: NOTE
    Namespaces in Imports field not imported from:
     ‘rappdirs’ ‘withr’
     All declared Imports should be used.
Flavors: r-devel-linux-x86_64-fedora-clang, r-devel-linux-x86_64-fedora-gcc, r-devel-windows-x86_64-gcc10-UCRT, r-patched-solaris-x86, r-release-macos-x86_64, r-oldrel-macos-x86_64

Version: 0.2.0
Check: package dependencies
Result: NOTE
    Package suggested but not available for checking: ‘av’
Flavor: r-patched-solaris-x86

Version: 0.1.1.0
Check: dependencies in R code
Result: NOTE
    Missing or unexported object: 'torch::torch_rfft'
Flavors: r-release-windows-ix86+x86_64, r-oldrel-windows-ix86+x86_64