CRAN Package Check Results for Package totalcensus

Last updated on 2018-08-17 13:46:46 CEST.

Flavor Version Tinstall Tcheck Ttotal Status Flags
r-devel-linux-x86_64-debian-clang 0.3.0 7.86 42.60 50.46 OK
r-devel-linux-x86_64-debian-gcc 0.3.0 6.03 31.83 37.86 OK
r-devel-linux-x86_64-fedora-clang 0.3.0 58.12 NOTE
r-devel-linux-x86_64-fedora-gcc 0.3.0 56.08 NOTE
r-devel-windows-ix86+x86_64 0.3.0 15.00 73.00 88.00 OK
r-patched-linux-x86_64 0.3.0 7.69 37.51 45.20 OK
r-patched-solaris-x86 0.3.0 89.70 NOTE
r-release-linux-x86_64 0.3.0 5.75 37.20 42.95 OK
r-release-windows-ix86+x86_64 0.3.0 14.00 61.00 75.00 OK
r-release-osx-x86_64 0.3.0 NOTE
r-oldrel-windows-ix86+x86_64 0.3.0 10.00 50.00 60.00 OK
r-oldrel-osx-x86_64 0.3.0 NOTE

Check Details

Version: 0.3.0
Check: data for non-ASCII characters
Result: NOTE
     Note: found 42 marked Latin-1 strings
     Note: found 360 marked UTF-8 strings
Flavors: r-devel-linux-x86_64-fedora-clang, r-devel-linux-x86_64-fedora-gcc, r-patched-solaris-x86, r-release-osx-x86_64, r-oldrel-osx-x86_64