CRAN Package Check Results for Package totalcensus

Last updated on 2018-02-20 19:48:43 CET.

Flavor Version Tinstall Tcheck Ttotal Status Flags
r-devel-linux-x86_64-debian-clang 0.3.0 6.59 39.26 45.85 OK
r-devel-linux-x86_64-debian-gcc 0.3.0 6.54 29.12 35.66 OK
r-devel-linux-x86_64-fedora-clang 0.3.0 55.19 NOTE
r-devel-linux-x86_64-fedora-gcc 0.3.0 53.18 NOTE
r-devel-windows-ix86+x86_64 0.3.0 9.00 45.00 54.00 OK
r-patched-linux-x86_64 0.3.0 4.71 37.83 42.54 OK
r-patched-solaris-x86 0.3.0 76.00 NOTE
r-release-linux-x86_64 0.3.0 5.07 38.06 43.13 OK
r-release-windows-ix86+x86_64 0.3.0 12.00 67.00 79.00 OK
r-release-osx-x86_64 0.3.0 NOTE
r-oldrel-windows-ix86+x86_64 0.3.0 9.00 62.00 71.00 OK

Check Details

Version: 0.3.0
Check: data for non-ASCII characters
Result: NOTE
     Note: found 42 marked Latin-1 strings
     Note: found 360 marked UTF-8 strings
Flavors: r-devel-linux-x86_64-fedora-clang, r-devel-linux-x86_64-fedora-gcc, r-patched-solaris-x86, r-release-osx-x86_64