CRAN Package Check Results for Package totalcensus

Last updated on 2018-05-26 19:47:01 CEST.

Flavor Version Tinstall Tcheck Ttotal Status Flags
r-devel-linux-x86_64-debian-clang 0.3.0 6.21 41.13 47.34 OK
r-devel-linux-x86_64-debian-gcc 0.3.0 5.40 30.99 36.39 OK
r-devel-linux-x86_64-fedora-clang 0.3.0 58.69 NOTE
r-devel-linux-x86_64-fedora-gcc 0.3.0 54.63 NOTE
r-devel-windows-ix86+x86_64 0.3.0 9.00 51.00 60.00 OK
r-patched-linux-x86_64 0.3.0 6.09 36.61 42.70 OK
r-patched-solaris-x86 0.3.0 88.00 NOTE
r-release-linux-x86_64 0.3.0 5.90 36.67 42.57 OK
r-release-windows-ix86+x86_64 0.3.0 13.00 67.00 80.00 OK
r-release-osx-x86_64 0.3.0 NOTE
r-oldrel-windows-ix86+x86_64 0.3.0 11.00 47.00 58.00 OK
r-oldrel-osx-x86_64 0.3.0 NOTE

Check Details

Version: 0.3.0
Check: data for non-ASCII characters
Result: NOTE
     Note: found 42 marked Latin-1 strings
     Note: found 360 marked UTF-8 strings
Flavors: r-devel-linux-x86_64-fedora-clang, r-devel-linux-x86_64-fedora-gcc, r-patched-solaris-x86, r-release-osx-x86_64, r-oldrel-osx-x86_64