CRAN Package Check Results for Package totalcensus

Last updated on 2018-10-19 08:49:28 CEST.

Flavor Version Tinstall Tcheck Ttotal Status Flags
r-devel-linux-x86_64-debian-clang 0.3.0 6.76 42.37 49.13 OK
r-devel-linux-x86_64-debian-gcc 0.3.0 5.59 31.68 37.27 OK
r-devel-linux-x86_64-fedora-clang 0.3.0 58.24 NOTE
r-devel-linux-x86_64-fedora-gcc 0.3.0 54.48 NOTE
r-devel-windows-ix86+x86_64 0.3.0 13.00 51.00 64.00 OK
r-patched-linux-x86_64 0.3.0 5.58 37.02 42.60 OK
r-patched-solaris-x86 0.3.0 84.30 NOTE
r-release-linux-x86_64 0.3.0 5.96 37.05 43.01 OK
r-release-windows-ix86+x86_64 0.3.0 15.00 69.00 84.00 OK
r-release-osx-x86_64 0.3.0 NOTE
r-oldrel-windows-ix86+x86_64 0.3.0 8.00 65.00 73.00 OK
r-oldrel-osx-x86_64 0.3.0 NOTE

Check Details

Version: 0.3.0
Check: data for non-ASCII characters
Result: NOTE
     Note: found 42 marked Latin-1 strings
     Note: found 360 marked UTF-8 strings
Flavors: r-devel-linux-x86_64-fedora-clang, r-devel-linux-x86_64-fedora-gcc, r-patched-solaris-x86, r-release-osx-x86_64, r-oldrel-osx-x86_64