CRAN Package Check Results for Package tourr

Last updated on 2024-02-24 12:49:34 CET.

Flavor Version Tinstall Tcheck Ttotal Status Flags
r-devel-linux-x86_64-debian-clang 1.1.0 6.24 84.09 90.33 NOTE
r-devel-linux-x86_64-debian-gcc 1.1.0 5.52 64.50 70.02 NOTE
r-devel-linux-x86_64-fedora-clang 1.1.0 110.73 OK
r-devel-linux-x86_64-fedora-gcc 1.1.0 124.65 OK
r-devel-windows-x86_64 1.1.0 7.00 115.00 122.00 OK
r-patched-linux-x86_64 1.1.0 7.60 81.16 88.76 OK
r-release-linux-x86_64 1.1.0 8.32 81.20 89.52 OK
r-release-macos-arm64 1.1.0 62.00 OK
r-release-macos-x86_64 1.1.0 99.00 OK
r-release-windows-x86_64 1.1.0 12.00 133.00 145.00 OK
r-oldrel-macos-arm64 1.1.0 56.00 OK
r-oldrel-windows-x86_64 1.1.0 11.00 116.00 127.00 OK

Check Details

Version: 1.1.0
Check: Rd files
Result: NOTE checkRd: (-1) norm_bin.Rd:18: Lost braces in \itemize; meant \describe ? checkRd: (-1) norm_bin.Rd:19: Lost braces in \itemize; meant \describe ? Flavors: r-devel-linux-x86_64-debian-clang, r-devel-linux-x86_64-debian-gcc