CRAN Package Check Results for Package tracer

Last updated on 2022-12-04 17:50:55 CET.

Flavor Version Tinstall Tcheck Ttotal Status Flags
r-devel-linux-x86_64-debian-clang 1.0.0 2.44 26.83 29.27 NOTE
r-devel-linux-x86_64-debian-gcc 1.0.0 2.07 21.01 23.08 NOTE
r-devel-linux-x86_64-fedora-clang 1.0.0 46.90 NOTE
r-devel-linux-x86_64-fedora-gcc 1.0.0 45.48 NOTE
r-devel-windows-x86_64 1.0.0 11.00 51.00 62.00 NOTE
r-patched-linux-x86_64 1.0.0 2.42 25.80 28.22 NOTE
r-release-linux-x86_64 1.0.0 2.43 25.64 28.07 NOTE
r-release-macos-arm64 1.0.0 22.00 NOTE
r-release-macos-x86_64 1.0.0 28.00 NOTE
r-release-windows-x86_64 1.0.0 16.00 56.00 72.00 NOTE
r-oldrel-macos-arm64 1.0.0 22.00 NOTE
r-oldrel-macos-x86_64 1.0.0 39.00 NOTE
r-oldrel-windows-ix86+x86_64 1.0.0 6.00 51.00 57.00 NOTE

Check Details

Version: 1.0.0
Check: LazyData
Result: NOTE
     'LazyData' is specified without a 'data' directory
Flavors: r-devel-linux-x86_64-debian-clang, r-devel-linux-x86_64-debian-gcc, r-devel-linux-x86_64-fedora-clang, r-devel-linux-x86_64-fedora-gcc, r-devel-windows-x86_64, r-patched-linux-x86_64, r-release-linux-x86_64, r-release-macos-arm64, r-release-macos-x86_64, r-release-windows-x86_64, r-oldrel-macos-arm64, r-oldrel-macos-x86_64, r-oldrel-windows-ix86+x86_64