CRAN Package Check Results for Package trackdf

Last updated on 2024-02-25 19:50:14 CET.

Flavor Version Tinstall Tcheck Ttotal Status Flags
r-devel-linux-x86_64-debian-clang 0.3.3 8.81 114.48 123.29 OK
r-devel-linux-x86_64-debian-gcc 0.3.3 7.37 85.27 92.64 OK
r-devel-linux-x86_64-fedora-clang 0.3.3 144.33 NOTE
r-devel-linux-x86_64-fedora-gcc 0.3.3 150.18 OK
r-devel-windows-x86_64 0.3.3 8.00 110.00 118.00 OK
r-patched-linux-x86_64 0.3.3 9.96 113.53 123.49 OK
r-release-linux-x86_64 0.3.3 5.66 114.81 120.47 OK
r-release-macos-arm64 0.3.3 67.00 OK
r-release-macos-x86_64 0.3.3 117.00 OK
r-release-windows-x86_64 0.3.3 11.00 125.00 136.00 OK
r-oldrel-macos-arm64 0.3.3 54.00 OK
r-oldrel-windows-x86_64 0.3.3 11.00 131.00 142.00 OK

Check Details

Version: 0.3.3
Check: Rd cross-references
Result: NOTE Undeclared package ‘rlang’ in Rd xrefs Flavor: r-devel-linux-x86_64-fedora-clang