CRAN Package Check Results for Package trade

Last updated on 2021-05-13 22:51:18 CEST.

Flavor Version Tinstall Tcheck Ttotal Status Flags
r-devel-linux-x86_64-debian-clang 0.5.5 18.09 43.29 61.38 OK
r-devel-linux-x86_64-debian-gcc 0.5.5 15.12 34.10 49.22 OK
r-devel-linux-x86_64-fedora-clang 0.5.5 89.94 NOTE
r-devel-linux-x86_64-fedora-gcc 0.5.5 79.76 OK
r-devel-windows-ix86+x86_64 0.5.5 33.00 49.00 82.00 OK
r-devel-windows-x86_64-gcc10-UCRT 0.5.5 OK
r-patched-linux-x86_64 0.5.5 19.82 42.61 62.43 OK
r-patched-solaris-x86 0.5.5 105.10 OK
r-release-linux-x86_64 0.5.5 19.52 40.79 60.31 OK
r-release-macos-x86_64 0.5.5 OK
r-release-windows-ix86+x86_64 0.5.5 26.00 71.00 97.00 OK
r-oldrel-macos-x86_64 0.5.5 OK
r-oldrel-windows-ix86+x86_64 0.5.5 30.00 49.00 79.00 OK

Check Details

Version: 0.5.5
Check: Rd cross-references
Result: NOTE
    Undeclared packages ‘BB’, ‘competitiontoolbox’ in Rd xrefs
Flavor: r-devel-linux-x86_64-fedora-clang