Last updated on 2023-06-09 14:53:17 CEST.
Flavor | Version | Tinstall | Tcheck | Ttotal | Status | Flags |
---|---|---|---|---|---|---|
r-devel-linux-x86_64-debian-clang | 0.0-4 | 9.75 | 414.01 | 423.76 | OK | |
r-devel-linux-x86_64-debian-gcc | 0.0-4 | 8.02 | 317.75 | 325.77 | OK | |
r-devel-linux-x86_64-fedora-clang | 0.0-4 | 525.22 | OK | |||
r-devel-linux-x86_64-fedora-gcc | 0.0-4 | 537.70 | OK | |||
r-devel-windows-x86_64 | 0.0-4 | 10.00 | 327.00 | 337.00 | OK | |
r-patched-linux-x86_64 | 0.0-4 | 10.37 | 406.01 | 416.38 | OK | |
r-release-linux-x86_64 | 0.0-4 | 9.14 | 403.60 | 412.74 | OK | |
r-release-macos-arm64 | 0.0-4 | 140.00 | OK | |||
r-release-macos-x86_64 | 0.0-4 | 178.00 | NOTE | |||
r-release-windows-x86_64 | 0.0-4 | 12.00 | 431.00 | 443.00 | OK | |
r-oldrel-macos-arm64 | 0.0-4 | 196.00 | OK | |||
r-oldrel-macos-x86_64 | 0.0-4 | 267.00 | OK | |||
r-oldrel-windows-x86_64 | 0.0-4 | 11.00 | 428.00 | 439.00 | OK |
Version: 0.0-4
Check: package dependencies
Result: NOTE
Package suggested but not available for checking: ‘tramnet’
Flavor: r-release-macos-x86_64
Version: 0.0-4
Check: re-building of vignette outputs
Result: NOTE
Note: skipping ‘tramvs.Rnw’ due to unavailable dependencies: 'tramnet'
Flavor: r-release-macos-x86_64