CRAN Package Check Results for Package transformr

Last updated on 2024-02-24 19:50:56 CET.

Flavor Version Tinstall Tcheck Ttotal Status Flags
r-devel-linux-x86_64-debian-clang 0.1.4 17.72 66.36 84.08 NOTE
r-devel-linux-x86_64-debian-gcc 0.1.4 15.02 50.15 65.17 NOTE
r-devel-linux-x86_64-fedora-clang 0.1.4 109.03 NOTE
r-devel-linux-x86_64-fedora-gcc 0.1.4 104.12 NOTE
r-devel-windows-x86_64 0.1.4 18.00 73.00 91.00 NOTE
r-patched-linux-x86_64 0.1.4 18.91 63.46 82.37 NOTE
r-release-linux-x86_64 0.1.4 17.45 64.76 82.21 NOTE
r-release-macos-arm64 0.1.4 38.00 NOTE
r-release-macos-x86_64 0.1.4 55.00 NOTE
r-release-windows-x86_64 0.1.4 22.00 86.00 108.00 NOTE
r-oldrel-macos-arm64 0.1.4 34.00 OK
r-oldrel-windows-x86_64 0.1.4 23.00 84.00 107.00 OK

Check Details

Version: 0.1.4
Check: C++ specification
Result: NOTE Specified C++11: please drop specification unless essential Flavors: r-devel-linux-x86_64-debian-clang, r-devel-linux-x86_64-debian-gcc, r-devel-linux-x86_64-fedora-clang, r-devel-linux-x86_64-fedora-gcc, r-devel-windows-x86_64, r-patched-linux-x86_64, r-release-linux-x86_64, r-release-macos-arm64, r-release-macos-x86_64, r-release-windows-x86_64