CRAN Package Check Results for Package translateSPSS2R

Last updated on 2018-08-19 02:48:08 CEST.

Flavor Version Tinstall Tcheck Ttotal Status Flags
r-release-osx-x86_64 1.0.0 NOTE
r-oldrel-osx-x86_64 1.0.0 NOTE

Check Details

Version: 1.0.0
Check: R code for possible problems
Result: NOTE
    applyMetaCheck: no visible global function definition for
     ‘globalVariables’
    computeCfvar: no visible global function definition for ‘sd’
    computeLag: no visible global function definition for ‘tail’
    computeLag: no visible global function definition for ‘head’
    computeMedian: no visible global function definition for ‘median’
    computeSd: no visible global function definition for ‘sd’
    computeVariance: no visible global function definition for ‘var’
    enter: no visible global function definition for ‘lm’
    enter: no visible global function definition for ‘as.formula’
    xpssCorrelations: no visible global function definition for ‘na.omit’
    xpssDescriptives: no visible global function definition for ‘na.omit’
    xpssDescriptives: no visible global function definition for ‘sd’
    xpssDescriptives: no visible global function definition for ‘var’
    xpssFrequencies: no visible binding for global variable ‘frequency’
    xpssFrequencies: no visible global function definition for ‘na.omit’
    xpssFrequencies: no visible global function definition for ‘quantile’
    xpssFrequencies: no visible global function definition for ‘var’
    xpssFrequencies: no visible global function definition for ‘density’
    xpssFrequencies: no visible global function definition for ‘lines’
    xpssFrequencies: no visible global function definition for ‘title’
    xpssFrequencies: no visible global function definition for ‘median’
    xpssFrequencies: no visible global function definition for ‘sd’
    xpssMeans: no visible global function definition for ‘na.omit’
    xpssMeans: no visible global function definition for ‘summary.lm’
    xpssMeans: no visible global function definition for ‘anova’
    xpssRegression: no visible global function definition for ‘na.omit’
    xpssRegression: no visible global function definition for ‘anova’
    xpssRegression: no visible binding for global variable ‘sd’
    xpssTtest: no visible global function definition for ‘complete.cases’
    xpssTtest: no visible global function definition for ‘t.test’
    xpssTtest: no visible global function definition for ‘na.omit’
    xpssTtest: no visible global function definition for ‘sd’
    xpssTtest: no visible global function definition for ‘var’
    xpssTtest: no visible global function definition for ‘cor.test’
    Undefined global functions or variables:
     anova as.formula complete.cases cor.test density frequency
     globalVariables head lines lm median na.omit quantile sd summary.lm
     t.test tail title var
    Consider adding
     importFrom("graphics", "lines", "title")
     importFrom("stats", "anova", "as.formula", "complete.cases",
     "cor.test", "density", "frequency", "lm", "median",
     "na.omit", "quantile", "sd", "summary.lm", "t.test", "var")
     importFrom("utils", "globalVariables", "head", "tail")
    to your NAMESPACE file.
Flavors: r-release-osx-x86_64, r-oldrel-osx-x86_64