CRAN Package Check Results for Package transport

Last updated on 2024-02-29 04:54:30 CET.

Flavor Version Tinstall Tcheck Ttotal Status Flags
r-devel-linux-x86_64-debian-clang 0.14-7 103.51 81.66 185.17 OK
r-devel-linux-x86_64-debian-gcc 0.14-7 84.84 61.93 146.77 OK
r-devel-linux-x86_64-fedora-clang 0.14-7 296.15 OK
r-devel-linux-x86_64-fedora-gcc 0.14-7 271.42 OK
r-devel-windows-x86_64 0.14-7 84.00 106.00 190.00 OK
r-patched-linux-x86_64 0.14-7 108.71 81.00 189.71 OK
r-release-linux-x86_64 0.14-7 94.25 80.54 174.79 OK
r-release-macos-arm64 0.14-7 80.00 NOTE
r-release-macos-x86_64 0.14-7 120.00 NOTE
r-release-windows-x86_64 0.14-7 112.00 128.00 240.00 OK
r-oldrel-macos-arm64 0.14-7 65.00 NOTE
r-oldrel-windows-x86_64 0.14-7 101.00 119.00 220.00 OK

Check Details

Version: 0.14-7
Check: installed package size
Result: NOTE installed size is 5.9Mb sub-directories of 1Mb or more: libs 5.3Mb Flavors: r-release-macos-arm64, r-release-macos-x86_64, r-oldrel-macos-arm64