CRAN Package Check Results for Package treeclim

Last updated on 2021-04-15 03:49:41 CEST.

Flavor Version Tinstall Tcheck Ttotal Status Flags
r-devel-linux-x86_64-debian-clang 2.0.5.1 127.94 172.52 300.46 OK
r-devel-linux-x86_64-debian-gcc 2.0.5.1 90.93 121.99 212.92 OK
r-devel-linux-x86_64-fedora-clang 2.0.5.1 388.59 NOTE
r-devel-linux-x86_64-fedora-gcc 2.0.5.1 364.34 OK
r-devel-windows-ix86+x86_64 2.0.5.1 305.00 270.00 575.00 OK
r-devel-windows-x86_64-gcc10-UCRT 2.0.5.1 OK
r-patched-linux-x86_64 2.0.5.1 104.24 155.98 260.22 OK
r-patched-solaris-x86 2.0.5.1 412.90 OK
r-release-linux-x86_64 2.0.5.1 106.37 157.77 264.14 OK
r-release-macos-x86_64 2.0.5.1 OK
r-release-windows-ix86+x86_64 2.0.5.1 274.00 311.00 585.00 OK
r-oldrel-macos-x86_64 2.0.5.1 OK
r-oldrel-windows-ix86+x86_64 2.0.5.1 219.00 207.00 426.00 OK

Check Details

Version: 2.0.5.1
Check: installed package size
Result: NOTE
     installed size is 5.8Mb
     sub-directories of 1Mb or more:
     libs 5.4Mb
Flavor: r-devel-linux-x86_64-fedora-clang

Version: 2.0.5.1
Check: Rd cross-references
Result: NOTE
    Undeclared package ‘dplR’ in Rd xrefs
Flavor: r-devel-linux-x86_64-fedora-clang