CRAN Package Check Results for Package treeclim

Last updated on 2024-02-29 22:59:01 CET.

Flavor Version Tinstall Tcheck Ttotal Status Flags
r-devel-linux-x86_64-debian-clang 2.0.6.0 134.50 188.56 323.06 NOTE
r-devel-linux-x86_64-debian-gcc 2.0.6.0 105.49 130.50 235.99 NOTE
r-devel-linux-x86_64-fedora-clang 2.0.6.0 433.76 NOTE
r-devel-linux-x86_64-fedora-gcc 2.0.6.0 420.75 NOTE
r-devel-windows-x86_64 2.0.6.0 103.00 159.00 262.00 NOTE
r-patched-linux-x86_64 2.0.6.0 125.53 176.51 302.04 NOTE
r-release-linux-x86_64 2.0.6.0 135.26 174.16 309.42 NOTE
r-release-macos-arm64 2.0.6.0 192.00 NOTE
r-release-macos-x86_64 2.0.6.0 167.00 NOTE
r-release-windows-x86_64 2.0.6.0 130.00 194.00 324.00 NOTE
r-oldrel-macos-arm64 2.0.6.0 96.00 OK
r-oldrel-windows-x86_64 2.0.6.0 127.00 185.00 312.00 OK

Check Details

Version: 2.0.6.0
Check: Rd files
Result: NOTE checkRd: (-1) dcc.Rd:227: Escaped LaTeX specials: \& checkRd: (-1) seascorr.Rd:128: Escaped LaTeX specials: \& Flavors: r-devel-linux-x86_64-debian-clang, r-devel-linux-x86_64-debian-gcc, r-devel-linux-x86_64-fedora-clang, r-devel-linux-x86_64-fedora-gcc, r-devel-windows-x86_64, r-patched-linux-x86_64, r-release-linux-x86_64, r-release-macos-arm64, r-release-macos-x86_64, r-release-windows-x86_64

Version: 2.0.6.0
Check: Rd \usage sections
Result: NOTE Documented arguments not in \usage in Rd file 'correct_continuous.Rd': ‘x’ Documented arguments not in \usage in Rd file 'tc_correlation.Rd': ‘p’ Documented arguments not in \usage in Rd file 'tc_efunc.Rd': ‘p’ Documented arguments not in \usage in Rd file 'tc_mfunc.Rd': ‘p’ Documented arguments not in \usage in Rd file 'tc_response.Rd': ‘p’ Documented arguments not in \usage in Rd file 'truncate_input.Rd': ‘moving’ Functions with \usage entries need to have the appropriate \alias entries, and all their arguments documented. The \usage entries must correspond to syntactically valid R code. See chapter ‘Writing R documentation files’ in the ‘Writing R Extensions’ manual. Flavors: r-devel-linux-x86_64-debian-clang, r-devel-linux-x86_64-debian-gcc, r-devel-linux-x86_64-fedora-clang, r-devel-linux-x86_64-fedora-gcc, r-devel-windows-x86_64

Version: 2.0.6.0
Check: Rd cross-references
Result: NOTE Undeclared package ‘dplR’ in Rd xrefs Flavor: r-devel-linux-x86_64-fedora-clang