CRAN Package Check Results for Package treeclim

Last updated on 2019-04-19 20:47:35 CEST.

Flavor Version Tinstall Tcheck Ttotal Status Flags
r-devel-linux-x86_64-debian-clang 2.0.3 96.32 138.37 234.69 OK
r-devel-linux-x86_64-debian-gcc 2.0.3 79.93 100.87 180.80 OK
r-devel-linux-x86_64-fedora-clang 2.0.3 316.82 OK
r-devel-linux-x86_64-fedora-gcc 2.0.3 311.65 OK
r-devel-windows-ix86+x86_64 2.0.3 243.00 236.00 479.00 OK
r-patched-linux-x86_64 2.0.3 95.16 133.85 229.01 OK
r-patched-solaris-x86 2.0.3 357.10 OK
r-release-linux-x86_64 2.0.3 94.94 132.04 226.98 OK
r-release-windows-ix86+x86_64 2.0.3 181.00 309.00 490.00 OK
r-release-osx-x86_64 2.0.3 OK
r-oldrel-windows-ix86+x86_64 2.0.3 251.00 304.00 555.00 OK
r-oldrel-osx-x86_64 2.0.0 NOTE

Check Details

Version: 2.0.0
Check: Rd cross-references
Result: NOTE
    Package unavailable to check Rd xrefs: ‘dplR’
Flavor: r-oldrel-osx-x86_64