CRAN Package Check Results for Package treeclim

Last updated on 2019-01-20 02:48:36 CET.

Flavor Version Tinstall Tcheck Ttotal Status Flags
r-devel-linux-x86_64-debian-clang 2.0.0 95.85 139.45 235.30 OK
r-devel-linux-x86_64-debian-gcc 2.0.0 82.34 102.27 184.61 OK
r-devel-linux-x86_64-fedora-clang 2.0.0 312.48 NOTE
r-devel-linux-x86_64-fedora-gcc 2.0.0 310.38 NOTE
r-devel-windows-ix86+x86_64 2.0.0 250.00 296.00 546.00 OK
r-patched-linux-x86_64 2.0.0 104.26 130.06 234.32 OK
r-patched-solaris-x86 2.0.0 357.80 OK
r-release-linux-x86_64 2.0.0 110.80 130.71 241.51 OK
r-release-windows-ix86+x86_64 2.0.0 237.00 294.00 531.00 OK
r-release-osx-x86_64 2.0.0 OK
r-oldrel-windows-ix86+x86_64 2.0.0 222.00 298.00 520.00 OK
r-oldrel-osx-x86_64 2.0.0 NOTE

Check Details

Version: 2.0.0
Check: compiled code
Result: NOTE
    File ‘treeclim/libs/treeclim.so’:
     Found no calls to: ‘R_registerRoutines’, ‘R_useDynamicSymbols’
    
    It is good practice to register native routines and to disable symbol
    search.
    
    See ‘Writing portable packages’ in the ‘Writing R Extensions’ manual.
Flavors: r-devel-linux-x86_64-fedora-clang, r-devel-linux-x86_64-fedora-gcc

Version: 2.0.0
Check: Rd cross-references
Result: NOTE
    Package unavailable to check Rd xrefs: ‘dplR’
Flavor: r-oldrel-osx-x86_64