Last updated on 2019-02-22 22:55:22 CET.
Flavor | Version | Tinstall | Tcheck | Ttotal | Status | Flags |
---|---|---|---|---|---|---|
r-devel-linux-x86_64-debian-clang | 1.1.3 | 29.68 | 316.62 | 346.30 | OK | |
r-devel-linux-x86_64-debian-gcc | 1.1.3 | 25.12 | 246.49 | 271.61 | OK | |
r-devel-linux-x86_64-fedora-clang | 1.1.3 | 333.59 | NOTE | |||
r-devel-linux-x86_64-fedora-gcc | 1.1.3 | 402.70 | OK | |||
r-devel-windows-ix86+x86_64 | 1.1.3 | 75.00 | 394.00 | 469.00 | NOTE | |
r-patched-linux-x86_64 | 1.1.3 | 29.67 | 267.55 | 297.22 | OK | |
r-patched-solaris-x86 | 1.1.3 | 506.60 | WARN | |||
r-release-linux-x86_64 | 1.1.3 | OK | ||||
r-release-windows-ix86+x86_64 | 1.1.3 | 58.00 | 482.00 | 540.00 | NOTE | |
r-release-osx-x86_64 | 1.1.3 | WARN | ||||
r-oldrel-windows-ix86+x86_64 | 1.1.3 | 56.00 | 531.00 | 587.00 | NOTE | |
r-oldrel-osx-x86_64 | 1.1.3 | WARN |
Version: 1.1.3
Check: installed package size
Result: NOTE
installed size is 6.5Mb
sub-directories of 1Mb or more:
doc 4.7Mb
Flavors: r-devel-linux-x86_64-fedora-clang, r-devel-windows-ix86+x86_64, r-patched-solaris-x86, r-release-windows-ix86+x86_64, r-release-osx-x86_64, r-oldrel-windows-ix86+x86_64, r-oldrel-osx-x86_64
Version: 1.1.3
Check: re-building of vignette outputs
Result: WARN
Error in re-building vignettes:
...
Warning in engine$weave(file, quiet = quiet, encoding = enc) :
Pandoc (>= 1.12.3) and/or pandoc-citeproc not available. Falling back to R Markdown v1.
Loading required package: ape
Loading required package: ade4
Creating a generic function for 'toJSON' from package 'jsonlite' in package 'googleVis'
/// adegenet 2.1.1 is loaded ////////////
> overview: '?adegenet'
> tutorials/doc/questions: 'adegenetWeb()'
> bug reports/feature requests: adegenetIssues()
Attaching package: 'adegenet'
The following object is masked from 'package:phangorn':
AICc
The following object is masked from 'package:treespace':
.render.server.info
Quitting from lines 136-138 (DengueVignette.Rmd)
Error: processing vignette 'DengueVignette.Rmd' failed with diagnostics:
cannot open the connection
Execution halted
Flavor: r-patched-solaris-x86
Version: 1.1.3
Check: re-building of vignette outputs
Result: WARN
Error in re-building vignettes:
...
Loading required package: ade4
Creating a generic function for 'toJSON' from package 'jsonlite' in package 'googleVis'
/// adegenet 2.1.1 is loaded ////////////
> overview: '?adegenet'
> tutorials/doc/questions: 'adegenetWeb()'
> bug reports/feature requests: adegenetIssues()
Attaching package: 'adegenet'
The following object is masked from 'package:phangorn':
AICc
The following object is masked from 'package:treespace':
.render.server.info
Quitting from lines 136-138 (DengueVignette.Rmd)
Error: processing vignette 'DengueVignette.Rmd' failed with diagnostics:
cannot open the connection
Execution halted
Flavor: r-release-osx-x86_64
Version: 1.1.3
Check: whether package can be installed
Result: WARN
Found the following significant warnings:
Warning: 'rgl_init' failed, running with rgl.useNULL = TRUE
Flavor: r-oldrel-osx-x86_64
Version: 1.1.3
Check: re-building of vignette outputs
Result: WARN
Error in re-building vignettes:
...
Warning: 'rgl_init' failed, running with rgl.useNULL = TRUE
Creating a generic function for 'toJSON' from package 'jsonlite' in package 'googleVis'
/// adegenet 2.1.1 is loaded ////////////
> overview: '?adegenet'
> tutorials/doc/questions: 'adegenetWeb()'
> bug reports/feature requests: adegenetIssues()
Attaching package: 'adegenet'
The following object is masked from 'package:phangorn':
AICc
The following object is masked from 'package:treespace':
.render.server.info
Quitting from lines 136-138 (DengueVignette.Rmd)
Error: processing vignette 'DengueVignette.Rmd' failed with diagnostics:
cannot open the connection
Execution halted
Flavor: r-oldrel-osx-x86_64