CRAN Package Check Results for Package treespace

Last updated on 2018-05-27 06:47:20 CEST.

Flavor Version Tinstall Tcheck Ttotal Status Flags
r-devel-linux-x86_64-debian-clang 1.1.3 31.27 297.60 328.87 OK
r-devel-linux-x86_64-debian-gcc 1.1.3 25.64 229.19 254.83 OK
r-devel-linux-x86_64-fedora-clang 1.1.3 397.52 NOTE
r-devel-linux-x86_64-fedora-gcc 1.1.3 381.85 NOTE
r-devel-windows-ix86+x86_64 1.1.3 58.00 339.00 397.00 NOTE
r-patched-linux-x86_64 1.1.3 26.40 244.48 270.88 OK
r-patched-solaris-x86 1.1.3 467.10 WARN
r-release-linux-x86_64 1.1.3 26.80 251.10 277.90 OK
r-release-windows-ix86+x86_64 1.1.3 78.00 432.00 510.00 NOTE
r-release-osx-x86_64 1.1.3 WARN
r-oldrel-windows-ix86+x86_64 1.1.3 88.00 346.00 434.00 NOTE
r-oldrel-osx-x86_64 1.1.2 WARN

Check Details

Version: 1.1.3
Check: installed package size
Result: NOTE
     installed size is 6.5Mb
     sub-directories of 1Mb or more:
     doc 4.7Mb
Flavors: r-devel-linux-x86_64-fedora-clang, r-devel-linux-x86_64-fedora-gcc, r-devel-windows-ix86+x86_64, r-patched-solaris-x86, r-release-windows-ix86+x86_64, r-release-osx-x86_64, r-oldrel-windows-ix86+x86_64

Version: 1.1.3
Check: re-building of vignette outputs
Result: WARN
    Error in re-building vignettes:
     ...
    Warning in engine$weave(file, quiet = quiet, encoding = enc) :
     Pandoc (>= 1.12.3) and/or pandoc-citeproc not available. Falling back to R Markdown v1.
    Loading required package: ape
    Loading required package: ade4
    Creating a generic function for 'toJSON' from package 'jsonlite' in package 'googleVis'
    
     /// adegenet 2.1.1 is loaded ////////////
    
     > overview: '?adegenet'
     > tutorials/doc/questions: 'adegenetWeb()'
     > bug reports/feature requests: adegenetIssues()
    
    
    
    Attaching package: 'adegenet'
    
    The following object is masked from 'package:phangorn':
    
     AICc
    
    The following object is masked from 'package:treespace':
    
     .render.server.info
    
    Quitting from lines 136-138 (DengueVignette.Rmd)
    Error: processing vignette 'DengueVignette.Rmd' failed with diagnostics:
    there is no package called 'webshot'
    Execution halted
Flavor: r-patched-solaris-x86

Version: 1.1.3
Check: re-building of vignette outputs
Result: WARN
    Error in re-building vignettes:
     ...
    Loading required package: ade4
    Creating a generic function for 'toJSON' from package 'jsonlite' in package 'googleVis'
    
     /// adegenet 2.1.1 is loaded ////////////
    
     > overview: '?adegenet'
     > tutorials/doc/questions: 'adegenetWeb()'
     > bug reports/feature requests: adegenetIssues()
    
    
    
    Attaching package: 'adegenet'
    
    The following object is masked from 'package:phangorn':
    
     AICc
    
    The following object is masked from 'package:treespace':
    
     .render.server.info
    
    Quitting from lines 136-138 (DengueVignette.Rmd)
    Error: processing vignette 'DengueVignette.Rmd' failed with diagnostics:
    cannot open the connection
    Execution halted
Flavor: r-release-osx-x86_64

Version: 1.1.2
Check: re-building of vignette outputs
Result: WARN
    Error in re-building vignettes:
     ...
    Loading required package: ade4
    Creating a generic function for 'toJSON' from package 'jsonlite' in package 'googleVis'
    
     /// adegenet 2.1.1 is loaded ////////////
    
     > overview: '?adegenet'
     > tutorials/doc/questions: 'adegenetWeb()'
     > bug reports/feature requests: adegenetIssues()
    
    
    
    Attaching package: 'adegenet'
    
    The following object is masked from 'package:phangorn':
    
     AICc
    
    The following object is masked from 'package:treespace':
    
     .render.server.info
    
    Quitting from lines 139-141 (DengueVignette.Rmd)
    Error: processing vignette 'DengueVignette.Rmd' failed with diagnostics:
    cannot open the connection
    Execution halted
Flavor: r-oldrel-osx-x86_64