CRAN Package Check Results for Package trendeval

Last updated on 2022-12-09 11:53:23 CET.

Flavor Version Tinstall Tcheck Ttotal Status Flags
r-devel-linux-x86_64-debian-clang 0.0.1 1.57 79.00 80.57 NOTE
r-devel-linux-x86_64-debian-gcc 0.0.1 1.80 55.64 57.44 NOTE
r-devel-linux-x86_64-fedora-clang 0.0.1 112.38 NOTE
r-devel-linux-x86_64-fedora-gcc 0.0.1 113.57 NOTE
r-devel-windows-x86_64 0.0.1 8.00 102.00 110.00 NOTE
r-patched-linux-x86_64 0.0.1 2.13 76.56 78.69 NOTE
r-release-linux-x86_64 0.0.1 2.00 78.70 80.70 NOTE
r-release-macos-arm64 0.0.1 28.00 NOTE
r-release-macos-x86_64 0.0.1 46.00 NOTE
r-release-windows-x86_64 0.0.1 16.00 93.00 109.00 NOTE
r-oldrel-macos-arm64 0.0.1 34.00 NOTE
r-oldrel-macos-x86_64 0.0.1 50.00 NOTE
r-oldrel-windows-ix86+x86_64 0.0.1 7.00 109.00 116.00 NOTE

Check Details

Version: 0.0.1
Check: LazyData
Result: NOTE
     'LazyData' is specified without a 'data' directory
Flavors: r-devel-linux-x86_64-debian-clang, r-devel-linux-x86_64-debian-gcc, r-devel-linux-x86_64-fedora-clang, r-devel-linux-x86_64-fedora-gcc, r-devel-windows-x86_64, r-patched-linux-x86_64, r-release-linux-x86_64, r-release-macos-arm64, r-release-macos-x86_64, r-release-windows-x86_64, r-oldrel-macos-arm64, r-oldrel-macos-x86_64, r-oldrel-windows-ix86+x86_64