Last updated on 2021-01-17 09:48:51 CET.
Flavor | Version | Tinstall | Tcheck | Ttotal | Status | Flags |
---|---|---|---|---|---|---|
r-devel-linux-x86_64-debian-clang | 0.1.5 | 648.40 | 443.88 | 1092.28 | NOTE | |
r-devel-linux-x86_64-debian-gcc | 0.1.5 | 538.56 | 364.06 | 902.62 | NOTE | |
r-devel-linux-x86_64-fedora-clang | 0.1.5 | 1997.52 | NOTE | |||
r-devel-linux-x86_64-fedora-gcc | 0.1.5 | 2086.67 | NOTE | |||
r-devel-windows-ix86+x86_64 | 0.1.5 | 1236.00 | 825.00 | 2061.00 | NOTE | |
r-patched-linux-x86_64 | 0.1.5 | 614.28 | 481.12 | 1095.40 | NOTE | |
r-patched-solaris-x86 | 0.1.5 | 1819.10 | NOTE | |||
r-release-linux-x86_64 | 0.1.5 | 629.36 | 485.95 | 1115.31 | NOTE | |
r-release-macos-x86_64 | 0.1.5 | NOTE | ||||
r-release-windows-ix86+x86_64 | 0.1.5 | 1362.00 | 780.00 | 2142.00 | NOTE | |
r-oldrel-macos-x86_64 | 0.1.5 | NOTE | ||||
r-oldrel-windows-ix86+x86_64 | 0.1.5 | 1773.00 | 868.00 | 2641.00 | NOTE |
Version: 0.1.5
Check: for GNU extensions in Makefiles
Result: NOTE
GNU make is a SystemRequirements.
Flavors: r-devel-linux-x86_64-debian-clang, r-devel-linux-x86_64-debian-gcc, r-devel-linux-x86_64-fedora-clang, r-devel-linux-x86_64-fedora-gcc, r-devel-windows-ix86+x86_64, r-patched-linux-x86_64, r-patched-solaris-x86, r-release-linux-x86_64, r-release-macos-x86_64, r-release-windows-ix86+x86_64, r-oldrel-macos-x86_64, r-oldrel-windows-ix86+x86_64
Version: 0.1.5
Check: installed package size
Result: NOTE
installed size is 146.8Mb
sub-directories of 1Mb or more:
doc 3.8Mb
libs 141.9Mb
Flavors: r-devel-linux-x86_64-fedora-clang, r-devel-windows-ix86+x86_64, r-patched-solaris-x86, r-release-macos-x86_64, r-release-windows-ix86+x86_64, r-oldrel-macos-x86_64, r-oldrel-windows-ix86+x86_64