CRAN Package Check Results for Package trimTrees

Last updated on 2018-08-20 07:48:03 CEST.

Flavor Version Tinstall Tcheck Ttotal Status Flags
r-devel-linux-x86_64-debian-clang 1.2 5.74 37.50 43.24 NOTE
r-devel-linux-x86_64-debian-gcc 1.2 4.96 27.67 32.63 NOTE
r-devel-linux-x86_64-fedora-clang 1.2 50.49 NOTE
r-devel-linux-x86_64-fedora-gcc 1.2 49.36 NOTE
r-devel-windows-ix86+x86_64 1.2 28.00 95.00 123.00 NOTE
r-patched-linux-x86_64 1.2 5.41 33.77 39.18 NOTE
r-patched-solaris-x86 1.2 93.70 NOTE
r-release-linux-x86_64 1.2 5.36 33.98 39.34 NOTE
r-release-windows-ix86+x86_64 1.2 24.00 73.00 97.00 NOTE
r-release-osx-x86_64 1.2 NOTE
r-oldrel-windows-ix86+x86_64 1.2 18.00 89.00 107.00 NOTE
r-oldrel-osx-x86_64 1.2 NOTE

Check Details

Version: 1.2
Check: R code for possible problems
Result: NOTE
    cinbag: no visible global function definition for ‘var’
    trimTrees: no visible global function definition for ‘predict’
    Undefined global functions or variables:
     predict var
    Consider adding
     importFrom("stats", "predict", "var")
    to your NAMESPACE file.
Flavors: r-devel-linux-x86_64-debian-clang, r-devel-linux-x86_64-debian-gcc, r-devel-linux-x86_64-fedora-clang, r-devel-linux-x86_64-fedora-gcc, r-devel-windows-ix86+x86_64, r-patched-linux-x86_64, r-patched-solaris-x86, r-release-linux-x86_64, r-release-windows-ix86+x86_64, r-release-osx-x86_64, r-oldrel-windows-ix86+x86_64, r-oldrel-osx-x86_64

Version: 1.2
Check: compiled code
Result: NOTE
    File ‘trimTrees/libs/trimTrees.so’:
     Found no calls to: ‘R_registerRoutines’, ‘R_useDynamicSymbols’
    
    It is good practice to register native routines and to disable symbol
    search.
    
    See ‘Writing portable packages’ in the ‘Writing R Extensions’ manual.
Flavors: r-devel-linux-x86_64-debian-clang, r-devel-linux-x86_64-debian-gcc, r-devel-linux-x86_64-fedora-clang, r-devel-linux-x86_64-fedora-gcc, r-patched-linux-x86_64, r-release-linux-x86_64