CRAN Package Check Results for Package trimTrees

Last updated on 2018-02-20 03:50:08 CET.

Flavor Version Tinstall Tcheck Ttotal Status Flags
r-devel-linux-x86_64-debian-clang 1.2 6.14 33.09 39.23 NOTE
r-devel-linux-x86_64-debian-gcc 1.2 5.45 26.22 31.67 NOTE
r-devel-linux-x86_64-fedora-clang 1.2 50.54 NOTE
r-devel-linux-x86_64-fedora-gcc 1.2 46.58 NOTE
r-devel-windows-ix86+x86_64 1.2 18.00 71.00 89.00 NOTE
r-patched-linux-x86_64 1.2 5.05 34.52 39.57 NOTE
r-patched-solaris-x86 1.2 76.10 NOTE
r-release-linux-x86_64 1.2 5.34 34.97 40.31 NOTE
r-release-windows-ix86+x86_64 1.2 27.00 84.00 111.00 NOTE
r-release-osx-x86_64 1.2 NOTE
r-oldrel-windows-ix86+x86_64 1.2 28.00 80.00 108.00 NOTE
r-oldrel-osx-x86_64 1.2 NOTE

Check Details

Version: 1.2
Check: R code for possible problems
Result: NOTE
    cinbag: no visible global function definition for ‘var’
    trimTrees: no visible global function definition for ‘predict’
    Undefined global functions or variables:
     predict var
    Consider adding
     importFrom("stats", "predict", "var")
    to your NAMESPACE file.
Flavors: r-devel-linux-x86_64-debian-clang, r-devel-linux-x86_64-debian-gcc, r-devel-linux-x86_64-fedora-clang, r-devel-linux-x86_64-fedora-gcc, r-devel-windows-ix86+x86_64, r-patched-linux-x86_64, r-patched-solaris-x86, r-release-linux-x86_64, r-release-windows-ix86+x86_64, r-release-osx-x86_64, r-oldrel-windows-ix86+x86_64, r-oldrel-osx-x86_64

Version: 1.2
Check: compiled code
Result: NOTE
    File ‘trimTrees/libs/trimTrees.so’:
     Found no calls to: ‘R_registerRoutines’, ‘R_useDynamicSymbols’
    
    It is good practice to register native routines and to disable symbol
    search.
    
    See ‘Writing portable packages’ in the ‘Writing R Extensions’ manual.
Flavors: r-devel-linux-x86_64-debian-clang, r-devel-linux-x86_64-debian-gcc, r-devel-linux-x86_64-fedora-clang, r-devel-linux-x86_64-fedora-gcc, r-patched-linux-x86_64, r-release-linux-x86_64